CRAN Package Check Results for Package BayesH

Last updated on 2019-02-19 03:47:54 CET.

Flavor Version Tinstall Tcheck Ttotal Status Flags
r-devel-linux-x86_64-debian-clang 1.0 2.85 25.72 28.57 OK
r-devel-linux-x86_64-debian-gcc 1.0 1.94 21.06 23.00 OK
r-devel-linux-x86_64-fedora-clang 1.0 35.61 NOTE
r-devel-linux-x86_64-fedora-gcc 1.0 35.03 NOTE
r-devel-windows-ix86+x86_64 1.0 14.00 59.00 73.00 OK
r-patched-linux-x86_64 1.0 1.72 25.40 27.12 OK
r-patched-solaris-x86 1.0 65.00 OK
r-release-linux-x86_64 1.0 1.99 25.11 27.10 OK
r-release-windows-ix86+x86_64 1.0 8.00 45.00 53.00 OK
r-release-osx-x86_64 1.0 OK
r-oldrel-windows-ix86+x86_64 1.0 9.00 48.00 57.00 OK
r-oldrel-osx-x86_64 1.0 OK

Check Details

Version: 1.0
Check: compiled code
Result: NOTE
    File ‘BayesH/libs/BayesH.so’:
     Found no calls to: ‘R_registerRoutines’, ‘R_useDynamicSymbols’
    
    It is good practice to register native routines and to disable symbol
    search.
    
    See ‘Writing portable packages’ in the ‘Writing R Extensions’ manual.
Flavors: r-devel-linux-x86_64-fedora-clang, r-devel-linux-x86_64-fedora-gcc