CRAN Package Check Results for Package BayesH

Last updated on 2019-04-24 15:57:11 CEST.

Flavor Version Tinstall Tcheck Ttotal Status Flags
r-devel-linux-x86_64-debian-clang 1.0 3.08 24.96 28.04 OK
r-devel-linux-x86_64-debian-gcc 1.0 2.13 20.96 23.09 OK
r-devel-linux-x86_64-fedora-clang 1.0 35.48 NOTE
r-devel-linux-x86_64-fedora-gcc 1.0 41.52 NOTE
r-devel-windows-ix86+x86_64 1.0 19.00 64.00 83.00 OK
r-patched-linux-x86_64 1.0 2.65 26.64 29.29 OK
r-patched-solaris-x86 1.0 67.70 OK
r-release-linux-x86_64 1.0 2.02 24.87 26.89 OK
r-release-windows-ix86+x86_64 1.0 8.00 45.00 53.00 OK
r-release-osx-x86_64 1.0 OK
r-oldrel-windows-ix86+x86_64 1.0 9.00 48.00 57.00 OK
r-oldrel-osx-x86_64 1.0 OK

Check Details

Version: 1.0
Check: compiled code
Result: NOTE
    File ‘BayesH/libs/BayesH.so’:
     Found no calls to: ‘R_registerRoutines’, ‘R_useDynamicSymbols’
    
    It is good practice to register native routines and to disable symbol
    search.
    
    See ‘Writing portable packages’ in the ‘Writing R Extensions’ manual.
Flavors: r-devel-linux-x86_64-fedora-clang, r-devel-linux-x86_64-fedora-gcc