CRAN Package Check Results for Package BayesGrowth

Last updated on 2024-04-16 09:59:25 CEST.

Flavor Version Tinstall Tcheck Ttotal Status Flags
r-devel-linux-x86_64-debian-clang 1.0.0 400.74 265.35 666.09 NOTE
r-devel-linux-x86_64-debian-gcc 1.0.0 392.18 217.80 609.98 NOTE
r-devel-linux-x86_64-fedora-clang 1.0.0 837.94 NOTE
r-devel-linux-x86_64-fedora-gcc 1.0.0 1027.32 NOTE
r-prerel-macos-arm64 1.0.0 213.00 NOTE
r-prerel-windows-x86_64 1.0.0 313.00 228.00 541.00 NOTE
r-patched-linux-x86_64 1.0.0 331.84 284.88 616.72 NOTE
r-release-linux-x86_64 1.0.0 352.31 280.62 632.93 NOTE
r-release-macos-arm64 1.0.0 191.00 NOTE
r-release-macos-x86_64 1.0.0 515.00 NOTE
r-release-windows-x86_64 1.0.0 404.00 279.00 683.00 NOTE
r-oldrel-macos-arm64 1.0.0 191.00 NOTE
r-oldrel-windows-x86_64 1.0.0 389.00 280.00 669.00 NOTE

Check Details

Version: 1.0.0
Check: for GNU extensions in Makefiles
Result: NOTE GNU make is a SystemRequirements. Flavors: r-devel-linux-x86_64-debian-clang, r-devel-linux-x86_64-debian-gcc, r-devel-linux-x86_64-fedora-clang, r-devel-linux-x86_64-fedora-gcc, r-prerel-macos-arm64, r-prerel-windows-x86_64, r-patched-linux-x86_64, r-release-linux-x86_64, r-release-macos-arm64, r-release-macos-x86_64, r-release-windows-x86_64, r-oldrel-macos-arm64, r-oldrel-windows-x86_64

Version: 1.0.0
Check: installed package size
Result: NOTE installed size is 5.2Mb sub-directories of 1Mb or more: libs 3.6Mb Flavors: r-devel-linux-x86_64-fedora-clang, r-prerel-macos-arm64, r-release-macos-arm64, r-release-macos-x86_64, r-oldrel-macos-arm64