Last updated on 2025-01-18 13:52:45 CET.
Flavor | Version | Tinstall | Tcheck | Ttotal | Status | Flags |
---|---|---|---|---|---|---|
r-devel-linux-x86_64-debian-clang | 0.1.3 | 84.13 | 117.70 | 201.83 | OK | |
r-devel-linux-x86_64-debian-gcc | 0.1.3 | 72.99 | 86.15 | 159.14 | OK | |
r-devel-linux-x86_64-fedora-clang | 0.1.3 | 320.70 | OK | |||
r-devel-linux-x86_64-fedora-gcc | 0.1.3 | 423.45 | OK | |||
r-devel-windows-x86_64 | 0.1.3 | 80.00 | 151.00 | 231.00 | OK | |
r-patched-linux-x86_64 | 0.1.3 | 100.20 | 116.73 | 216.93 | OK | |
r-release-linux-x86_64 | 0.1.3 | 100.37 | 115.57 | 215.94 | OK | |
r-release-macos-arm64 | 0.1.3 | 240.00 | NOTE | |||
r-release-macos-x86_64 | 0.1.3 | 301.00 | NOTE | |||
r-release-windows-x86_64 | 0.1.3 | 81.00 | 151.00 | 232.00 | NOTE | |
r-oldrel-macos-arm64 | 0.1.3 | 244.00 | NOTE | |||
r-oldrel-macos-x86_64 | 0.1.3 | 297.00 | NOTE | |||
r-oldrel-windows-x86_64 | 0.1.3 | 107.00 | 189.00 | 296.00 | NOTE |
Version: 0.1.3
Check: installed package size
Result: NOTE
installed size is 45.0Mb
sub-directories of 1Mb or more:
libs 43.9Mb
Flavors: r-release-macos-arm64, r-release-macos-x86_64, r-release-windows-x86_64, r-oldrel-macos-arm64, r-oldrel-macos-x86_64, r-oldrel-windows-x86_64