Last updated on 2023-06-07 23:40:29 CEST.
Flavor | Version | Tinstall | Tcheck | Ttotal | Status | Flags |
---|---|---|---|---|---|---|
r-devel-linux-x86_64-debian-clang | 0.0.2 | 191.01 | 57.83 | 248.84 | OK | |
r-devel-linux-x86_64-debian-gcc | 0.0.2 | 146.95 | 45.82 | 192.77 | OK | |
r-devel-linux-x86_64-fedora-clang | 0.0.2 | 350.85 | OK | |||
r-devel-linux-x86_64-fedora-gcc | 0.0.2 | 361.33 | OK | |||
r-devel-windows-x86_64 | 0.0.2 | 131.00 | 95.00 | 226.00 | OK | |
r-patched-linux-x86_64 | 0.0.2 | 161.80 | 56.94 | 218.74 | OK | |
r-release-linux-x86_64 | 0.0.2 | 149.15 | 56.60 | 205.75 | OK | |
r-release-macos-arm64 | 0.0.2 | 95.00 | NOTE | |||
r-release-macos-x86_64 | 0.0.2 | 147.00 | NOTE | |||
r-release-windows-x86_64 | 0.0.2 | 166.00 | 107.00 | 273.00 | OK | |
r-oldrel-macos-arm64 | 0.0.2 | 77.00 | NOTE | |||
r-oldrel-macos-x86_64 | 0.0.2 | 101.00 | NOTE | |||
r-oldrel-windows-x86_64 | 0.0.2 | 165.00 | 95.00 | 260.00 | OK |
Version: 0.0.2
Check: installed package size
Result: NOTE
installed size is 8.1Mb
sub-directories of 1Mb or more:
data 1.2Mb
libs 6.6Mb
Flavors: r-release-macos-arm64, r-release-macos-x86_64, r-oldrel-macos-arm64, r-oldrel-macos-x86_64