CRAN Package Check Results for Package BayesDLMfMRI

Last updated on 2024-02-29 15:53:39 CET.

Flavor Version Tinstall Tcheck Ttotal Status Flags
r-devel-linux-x86_64-debian-clang 0.0.3 208.84 59.99 268.83 NOTE
r-devel-linux-x86_64-debian-gcc 0.0.3 146.70 45.99 192.69 NOTE
r-devel-linux-x86_64-fedora-clang 0.0.3 347.62 NOTE
r-devel-linux-x86_64-fedora-gcc 0.0.3 379.72 NOTE
r-devel-windows-x86_64 0.0.3 132.00 95.00 227.00 OK
r-patched-linux-x86_64 0.0.3 177.54 58.95 236.49 OK
r-release-linux-x86_64 0.0.3 178.61 59.08 237.69 OK
r-release-macos-arm64 0.0.3 116.00 NOTE
r-release-macos-x86_64 0.0.3 105.00 NOTE
r-release-windows-x86_64 0.0.3 167.00 109.00 276.00 OK
r-oldrel-macos-arm64 0.0.3 77.00 NOTE
r-oldrel-windows-x86_64 0.0.3 163.00 97.00 260.00 OK

Check Details

Version: 0.0.3
Check: Rd files
Result: NOTE checkRd: (-1) GroupSingleVoxelFETS.Rd:53: Lost braces 53 | online trajectories related to the state parameter, the simulated BOLD responses, \mjseqn{\hat{Y}}{ascii}. | ^ Flavors: r-devel-linux-x86_64-debian-clang, r-devel-linux-x86_64-debian-gcc, r-devel-linux-x86_64-fedora-clang, r-devel-linux-x86_64-fedora-gcc

Version: 0.0.3
Check: installed package size
Result: NOTE installed size is 7.8Mb sub-directories of 1Mb or more: data 1.2Mb libs 6.2Mb Flavors: r-release-macos-arm64, r-release-macos-x86_64, r-oldrel-macos-arm64