CRAN Package Check Results for Package Barnard

Last updated on 2019-02-21 14:47:46 CET.

Flavor Version Tinstall Tcheck Ttotal Status Flags
r-devel-linux-x86_64-debian-clang 1.8 1.65 17.26 18.91 OK
r-devel-linux-x86_64-debian-gcc 1.8 1.41 13.85 15.26 OK
r-devel-linux-x86_64-fedora-clang 1.8 23.71 NOTE
r-devel-linux-x86_64-fedora-gcc 1.8 22.30 NOTE
r-devel-windows-ix86+x86_64 1.8 8.00 40.00 48.00 OK
r-patched-linux-x86_64 1.8 1.32 16.03 17.35 OK
r-patched-solaris-x86 1.8 34.80 OK
r-release-linux-x86_64 1.8 OK
r-release-windows-ix86+x86_64 1.8 6.00 30.00 36.00 OK
r-release-osx-x86_64 1.8 OK
r-oldrel-windows-ix86+x86_64 1.8 6.00 28.00 34.00 OK
r-oldrel-osx-x86_64 1.8 OK

Check Details

Version: 1.8
Check: compiled code
Result: NOTE
    File ‘Barnard/libs/Barnard.so’:
     Found no calls to: ‘R_registerRoutines’, ‘R_useDynamicSymbols’
    
    It is good practice to register native routines and to disable symbol
    search.
    
    See ‘Writing portable packages’ in the ‘Writing R Extensions’ manual.
Flavors: r-devel-linux-x86_64-fedora-clang, r-devel-linux-x86_64-fedora-gcc