CRAN Package Check Results for Package BUCSS

Last updated on 2024-07-14 08:48:16 CEST.

Flavor Version Tinstall Tcheck Ttotal Status Flags
r-devel-linux-x86_64-debian-clang 1.2.1 3.64 37.34 40.98 NOTE
r-devel-linux-x86_64-debian-gcc 1.2.1 2.83 26.54 29.37 NOTE
r-devel-linux-x86_64-fedora-clang 1.2.1 50.88 NOTE
r-devel-linux-x86_64-fedora-gcc 1.2.1 48.08 NOTE
r-devel-windows-x86_64 1.2.1 4.00 52.00 56.00 NOTE
r-patched-linux-x86_64 1.2.1 3.65 35.48 39.13 NOTE
r-release-linux-x86_64 1.2.1 4.10 35.07 39.17 NOTE
r-release-macos-arm64 1.2.1 18.00 NOTE
r-release-macos-x86_64 1.2.1 27.00 NOTE
r-release-windows-x86_64 1.2.1 4.00 51.00 55.00 NOTE
r-oldrel-macos-arm64 1.2.1 19.00 NOTE
r-oldrel-macos-x86_64 1.2.1 27.00 NOTE
r-oldrel-windows-x86_64 1.2.1 6.00 52.00 58.00 NOTE

Check Details

Version: 1.2.1
Check: LazyData
Result: NOTE 'LazyData' is specified without a 'data' directory Flavors: r-devel-linux-x86_64-debian-clang, r-devel-linux-x86_64-debian-gcc, r-devel-linux-x86_64-fedora-clang, r-devel-linux-x86_64-fedora-gcc, r-devel-windows-x86_64, r-patched-linux-x86_64, r-release-linux-x86_64, r-release-macos-arm64, r-release-macos-x86_64, r-release-windows-x86_64, r-oldrel-macos-arm64, r-oldrel-macos-x86_64, r-oldrel-windows-x86_64