Last updated on 2023-11-30 04:52:45 CET.
Flavor | Version | Tinstall | Tcheck | Ttotal | Status | Flags |
---|---|---|---|---|---|---|
r-devel-linux-x86_64-debian-clang | 1.2.1 | 4.31 | 35.06 | 39.37 | NOTE | |
r-devel-linux-x86_64-debian-gcc | 1.2.1 | 3.13 | 26.43 | 29.56 | NOTE | |
r-devel-linux-x86_64-fedora-clang | 1.2.1 | 49.06 | NOTE | |||
r-devel-linux-x86_64-fedora-gcc | 1.2.1 | 46.87 | NOTE | |||
r-devel-windows-x86_64 | 1.2.1 | 5.00 | 53.00 | 58.00 | NOTE | |
r-patched-linux-x86_64 | 1.2.1 | 5.18 | 34.84 | 40.02 | NOTE | |
r-release-linux-x86_64 | 1.2.1 | 4.22 | 34.77 | 38.99 | NOTE | |
r-release-macos-arm64 | 1.2.1 | 19.00 | NOTE | |||
r-release-macos-x86_64 | 1.2.1 | 27.00 | NOTE | |||
r-release-windows-x86_64 | 1.2.1 | 6.00 | 52.00 | 58.00 | NOTE | |
r-oldrel-macos-arm64 | 1.2.1 | 19.00 | NOTE | |||
r-oldrel-macos-x86_64 | 1.2.1 | 28.00 | NOTE | |||
r-oldrel-windows-x86_64 | 1.2.1 | 8.00 | 56.00 | 64.00 | NOTE |
Version: 1.2.1
Check: LazyData
Result: NOTE
'LazyData' is specified without a 'data' directory
Flavors: r-devel-linux-x86_64-debian-clang, r-devel-linux-x86_64-debian-gcc, r-devel-linux-x86_64-fedora-clang, r-devel-linux-x86_64-fedora-gcc, r-devel-windows-x86_64, r-patched-linux-x86_64, r-release-linux-x86_64, r-release-macos-arm64, r-release-macos-x86_64, r-release-windows-x86_64, r-oldrel-macos-arm64, r-oldrel-macos-x86_64, r-oldrel-windows-x86_64