CRAN Package Check Results for Package BSGS

Last updated on 2020-04-01 11:48:45 CEST.

Flavor Version Tinstall Tcheck Ttotal Status Flags
r-devel-linux-x86_64-debian-clang 2.0 3.79 29.87 33.66 NOTE
r-devel-linux-x86_64-debian-gcc 2.0 2.81 24.09 26.90 NOTE
r-devel-linux-x86_64-fedora-clang 2.0 40.00 NOTE
r-devel-linux-x86_64-fedora-gcc 2.0 41.01 NOTE
r-devel-windows-ix86+x86_64 2.0 8.00 42.00 50.00 NOTE
r-devel-windows-ix86+x86_64-gcc8 2.0 7.00 44.00 51.00 NOTE
r-patched-linux-x86_64 2.0 3.78 29.46 33.24 NOTE
r-patched-solaris-x86 2.0 65.60 NOTE
r-release-linux-x86_64 2.0 3.13 27.27 30.40 NOTE
r-release-windows-ix86+x86_64 2.0 7.00 66.00 73.00 NOTE
r-release-osx-x86_64 2.0 NOTE
r-oldrel-windows-ix86+x86_64 2.0 7.00 53.00 60.00 NOTE
r-oldrel-osx-x86_64 2.0 NOTE

Check Details

Version: 2.0
Check: R code for possible problems
Result: NOTE
    BSGS.Sample: no visible global function definition for 'rgamma'
    BSGS.Simple: no visible global function definition for 'rgamma'
    CompWiseGibbs: no visible global function definition for 'runif'
    CompWiseGibbs: no visible global function definition for 'rnorm'
    CompWiseGibbsSMP: no visible global function definition for 'rbinom'
    CompWiseGibbsSMP: no visible global function definition for 'runif'
    CompWiseGibbsSMP: no visible global function definition for 'rnorm'
    CompWiseGibbsSimple: no visible global function definition for 'runif'
    CompWiseGibbsSimple: no visible global function definition for 'rnorm'
    CompWiseGibbsSimple: no visible global function definition for 'rgamma'
    GroupMH: no visible global function definition for 'runif'
    GroupZ.MH: no visible global function definition for 'runif'
    Undefined global functions or variables:
     rbinom rgamma rnorm runif
    Consider adding
     importFrom("stats", "rbinom", "rgamma", "rnorm", "runif")
    to your NAMESPACE file.
Flavors: r-devel-linux-x86_64-debian-clang, r-devel-linux-x86_64-debian-gcc, r-devel-linux-x86_64-fedora-clang, r-devel-linux-x86_64-fedora-gcc, r-devel-windows-ix86+x86_64, r-devel-windows-ix86+x86_64-gcc8, r-patched-linux-x86_64, r-patched-solaris-x86, r-release-linux-x86_64, r-release-windows-ix86+x86_64, r-release-osx-x86_64, r-oldrel-windows-ix86+x86_64, r-oldrel-osx-x86_64