CRAN Package Check Results for Package BNPTSclust

Last updated on 2019-08-24 06:47:15 CEST.

Flavor Version Tinstall Tcheck Ttotal Status Flags
r-devel-linux-x86_64-debian-clang 2.0 7.53 41.46 48.99 OK
r-devel-linux-x86_64-debian-gcc 2.0 6.37 32.50 38.87 OK
r-devel-linux-x86_64-fedora-clang 2.0 56.15 OK
r-devel-linux-x86_64-fedora-gcc 2.0 44.65 OK
r-devel-windows-ix86+x86_64 2.0 12.00 48.00 60.00 OK
r-patched-linux-x86_64 2.0 5.88 41.40 47.28 OK
r-patched-solaris-x86 2.0 69.90 OK
r-release-linux-x86_64 2.0 7.13 41.38 48.51 OK
r-release-windows-ix86+x86_64 2.0 11.00 75.00 86.00 OK
r-release-osx-x86_64 2.0 OK
r-oldrel-windows-ix86+x86_64 1.1 13.00 68.00 81.00 NOTE
r-oldrel-osx-x86_64 2.0 ERROR

Check Details

Version: 1.1
Check: R code for possible problems
Result: NOTE
    clusterplots: no visible global function definition for 'par'
    clusterplots: no visible global function definition for 'rainbow'
    clusterplots: no visible global function definition for 'plot'
    clusterplots: no visible global function definition for 'axis'
    clusterplots: no visible global function definition for 'lines'
    diagplots: no visible global function definition for 'par'
    diagplots: no visible global function definition for 'plot'
    diagplots: no visible global function definition for 'hist'
    tseriesca: no visible global function definition for 'rgamma'
    tseriesca: no visible global function definition for 'runif'
    tseriesca: no visible global function definition for 'dbeta'
    tseriesca: no visible global function definition for 'dgamma'
    tseriescm: no visible global function definition for 'rgamma'
    tseriescm: no visible global function definition for 'runif'
    tseriescm: no visible global function definition for 'dbeta'
    tseriescm: no visible global function definition for 'dgamma'
    tseriescq: no visible global function definition for 'rgamma'
    tseriescq: no visible global function definition for 'runif'
    tseriescq: no visible global function definition for 'dbeta'
    tseriescq: no visible global function definition for 'dgamma'
    Undefined global functions or variables:
     axis dbeta dgamma hist lines par plot rainbow rgamma runif
    Consider adding
     importFrom("grDevices", "rainbow")
     importFrom("graphics", "axis", "hist", "lines", "par", "plot")
     importFrom("stats", "dbeta", "dgamma", "rgamma", "runif")
    to your NAMESPACE file.
Flavor: r-oldrel-windows-ix86+x86_64

Version: 1.1
Check: files in ‘vignettes’
Result: NOTE
    Package has no Sweave vignette sources and no VignetteBuilder field.
Flavor: r-oldrel-windows-ix86+x86_64

Version: 2.0
Check: whether package can be installed
Result: ERROR
    Installation failed.
Flavor: r-oldrel-osx-x86_64