CRAN Package Check Results for Package BLRShiny

Last updated on 2020-07-04 20:47:09 CEST.

Flavor Version Tinstall Tcheck Ttotal Status Flags
r-devel-linux-x86_64-debian-clang 0.1.0 2.22 17.53 19.75 OK
r-devel-linux-x86_64-debian-gcc 0.1.0 1.67 14.31 15.98 OK
r-devel-linux-x86_64-fedora-clang 0.1.0 32.95 NOTE
r-devel-linux-x86_64-fedora-gcc 0.1.0 23.76 NOTE
r-devel-windows-ix86+x86_64 0.1.0 14.00 46.00 60.00 OK
r-patched-linux-x86_64 0.1.0 2.16 17.72 19.88 OK
r-patched-solaris-x86 0.1.0 37.60 NOTE
r-release-linux-x86_64 0.1.0 2.13 17.49 19.62 OK
r-release-osx-x86_64 0.1.0 NOTE
r-release-windows-ix86+x86_64 0.1.0 7.00 31.00 38.00 OK
r-oldrel-osx-x86_64 0.1.0 NOTE
r-oldrel-windows-ix86+x86_64 0.1.0 6.00 66.00 72.00 OK

Check Details

Version: 0.1.0
Check: dependencies in R code
Result: NOTE
    Namespaces in Imports field not imported from:
     ‘caret’ ‘datasets’ ‘dplyr’ ‘e1071’ ‘ggplot2’ ‘rhandsontable’ ‘shiny’
     All declared Imports should be used.
Flavors: r-devel-linux-x86_64-fedora-clang, r-devel-linux-x86_64-fedora-gcc, r-patched-solaris-x86, r-release-osx-x86_64, r-oldrel-osx-x86_64