CRAN Package Check Results for Package BLRShiny

Last updated on 2019-12-14 05:47:24 CET.

Flavor Version Tinstall Tcheck Ttotal Status Flags
r-devel-linux-x86_64-debian-clang 0.1.0 2.04 16.74 18.78 OK
r-devel-linux-x86_64-debian-gcc 0.1.0 1.79 13.89 15.68 OK
r-devel-linux-x86_64-fedora-clang 0.1.0 23.80 NOTE
r-devel-linux-x86_64-fedora-gcc 0.1.0 23.02 NOTE
r-devel-windows-ix86+x86_64 0.1.0 8.00 28.00 36.00 OK
r-devel-windows-ix86+x86_64-gcc8 0.1.0 10.00 49.00 59.00 OK
r-patched-linux-x86_64 0.1.0 1.52 15.82 17.34 OK
r-patched-solaris-x86 0.1.0 35.40 NOTE
r-release-linux-x86_64 0.1.0 1.48 16.02 17.50 OK
r-release-windows-ix86+x86_64 0.1.0 4.00 31.00 35.00 OK
r-release-osx-x86_64 0.1.0 NOTE
r-oldrel-windows-ix86+x86_64 0.1.0 3.00 28.00 31.00 OK
r-oldrel-osx-x86_64 0.1.0 NOTE

Check Details

Version: 0.1.0
Check: dependencies in R code
Result: NOTE
    Namespaces in Imports field not imported from:
     ‘caret’ ‘datasets’ ‘dplyr’ ‘e1071’ ‘ggplot2’ ‘rhandsontable’ ‘shiny’
     All declared Imports should be used.
Flavors: r-devel-linux-x86_64-fedora-clang, r-devel-linux-x86_64-fedora-gcc, r-patched-solaris-x86, r-release-osx-x86_64, r-oldrel-osx-x86_64