Last updated on 2022-08-19 03:57:26 CEST.
Flavor | Version | Tinstall | Tcheck | Ttotal | Status | Flags |
---|---|---|---|---|---|---|
r-devel-linux-x86_64-debian-clang | 0.3.2 | 42.97 | 133.17 | 176.14 | WARN | |
r-devel-linux-x86_64-debian-gcc | 0.3.2 | 34.74 | 101.56 | 136.30 | OK | |
r-devel-linux-x86_64-fedora-clang | 0.3.2 | 244.01 | WARN | |||
r-devel-linux-x86_64-fedora-gcc | 0.3.2 | 237.32 | OK | |||
r-devel-windows-x86_64 | 0.3.2 | 83.00 | 185.00 | 268.00 | OK | |
r-patched-linux-x86_64 | 0.3.2 | 35.13 | 123.36 | 158.49 | OK | |
r-release-linux-x86_64 | 0.3.2 | OK | ||||
r-release-macos-arm64 | 0.3.2 | 65.00 | OK | |||
r-release-macos-x86_64 | 0.3.2 | 85.00 | OK | |||
r-release-windows-x86_64 | 0.3.2 | 68.00 | 184.00 | 252.00 | OK | |
r-oldrel-macos-arm64 | 0.3.2 | 73.00 | OK | |||
r-oldrel-macos-x86_64 | 0.3.2 | 127.00 | OK | |||
r-oldrel-windows-ix86+x86_64 | 0.3.2 | 102.00 | 211.00 | 313.00 | OK |
Version: 0.3.2
Check: whether package can be installed
Result: WARN
Found the following significant warnings:
cppFunctions.cpp:171:7: warning: use of bitwise '|' with boolean operands [-Wbitwise-instead-of-logical]
Flavors: r-devel-linux-x86_64-debian-clang, r-devel-linux-x86_64-fedora-clang