CRAN Package Check Results for Package BIRDS

Last updated on 2020-07-08 12:48:50 CEST.

Flavor Version Tinstall Tcheck Ttotal Status Flags
r-devel-linux-x86_64-debian-clang 0.1 16.68 767.05 783.73 OK
r-devel-linux-x86_64-debian-gcc 0.1 13.91 572.82 586.73 OK
r-devel-linux-x86_64-fedora-clang 0.1 886.01 NOTE
r-devel-linux-x86_64-fedora-gcc 0.1 884.71 NOTE
r-devel-windows-ix86+x86_64 0.1 37.00 734.00 771.00 OK
r-patched-linux-x86_64 0.1 14.97 755.83 770.80 OK
r-patched-solaris-x86 0.1 993.10 NOTE
r-release-linux-x86_64 0.1 14.54 748.56 763.10 OK
r-release-osx-x86_64 0.1 WARN
r-release-windows-ix86+x86_64 0.1 36.00 674.00 710.00 OK
r-oldrel-osx-x86_64 0.1 NOTE
r-oldrel-windows-ix86+x86_64 0.1 53.00 904.00 957.00 OK

Check Details

Version: 0.1
Check: dependencies in R code
Result: NOTE
    Namespaces in Imports field not imported from:
     ‘esquisse’ ‘rgdal’
     All declared Imports should be used.
Flavors: r-devel-linux-x86_64-fedora-clang, r-devel-linux-x86_64-fedora-gcc, r-patched-solaris-x86, r-release-osx-x86_64, r-oldrel-osx-x86_64

Version: 0.1
Check: data for non-ASCII characters
Result: NOTE
     Note: found 27976 marked UTF-8 strings
Flavors: r-devel-linux-x86_64-fedora-clang, r-devel-linux-x86_64-fedora-gcc, r-patched-solaris-x86, r-release-osx-x86_64, r-oldrel-osx-x86_64

Version: 0.1
Check: package dependencies
Result: NOTE
    Package suggested but not available for checking: ‘dggridR’
Flavor: r-release-osx-x86_64

Version: 0.1
Check: re-building of vignette outputs
Result: WARN
    Error(s) in re-building vignettes:
    --- re-building ‘BIRDS.Rmd’ using rmarkdown
    dyld: lazy symbol binding failed: Symbol not found: ____chkstk_darwin
     Referenced from: /usr/local/bin/pandoc (which was built for Mac OS X 10.15)
     Expected in: /usr/lib/libSystem.B.dylib
    
    dyld: Symbol not found: ____chkstk_darwin
     Referenced from: /usr/local/bin/pandoc (which was built for Mac OS X 10.15)
     Expected in: /usr/lib/libSystem.B.dylib
    
    Error: processing vignette 'BIRDS.Rmd' failed with diagnostics:
    pandoc document conversion failed with error 6
    --- failed re-building ‘BIRDS.Rmd’
    
    --- re-building ‘technical_details.Rmd’ using rmarkdown
    dyld: lazy symbol binding failed: Symbol not found: ____chkstk_darwin
     Referenced from: /usr/local/bin/pandoc (which was built for Mac OS X 10.15)
     Expected in: /usr/lib/libSystem.B.dylib
    
    dyld: Symbol not found: ____chkstk_darwin
     Referenced from: /usr/local/bin/pandoc (which was built for Mac OS X 10.15)
     Expected in: /usr/lib/libSystem.B.dylib
    
    Error: processing vignette 'technical_details.Rmd' failed with diagnostics:
    pandoc document conversion failed with error 6
    --- failed re-building ‘technical_details.Rmd’
    
    --- re-building ‘working_with_xts_timeseries.Rmd’ using rmarkdown
    Loading required package: zoo
    
    Attaching package: 'zoo'
    
    The following objects are masked from 'package:base':
    
     as.Date, as.Date.numeric
    
    2635 observations did not overlap with the grid and will be discarded.
    0.06 % of the visits spill over neighbouring grid cells.
    Warning: timezone of object (UTC) is different than current timezone ().
    Warning: timezone of object (UTC) is different than current timezone ().
    Warning: timezone of object (UTC) is different than current timezone ().
    Warning: timezone of object (UTC) is different than current timezone ().
    dyld: lazy symbol binding failed: Symbol not found: ____chkstk_darwin
     Referenced from: /usr/local/bin/pandoc (which was built for Mac OS X 10.15)
     Expected in: /usr/lib/libSystem.B.dylib
    
    dyld: Symbol not found: ____chkstk_darwin
     Referenced from: /usr/local/bin/pandoc (which was built for Mac OS X 10.15)
     Expected in: /usr/lib/libSystem.B.dylib
    
    Error: processing vignette 'working_with_xts_timeseries.Rmd' failed with diagnostics:
    pandoc document conversion failed with error 6
    --- failed re-building ‘working_with_xts_timeseries.Rmd’
    
    SUMMARY: processing the following files failed:
     ‘BIRDS.Rmd’ ‘technical_details.Rmd’ ‘working_with_xts_timeseries.Rmd’
    
    Error: Vignette re-building failed.
    Execution halted
Flavor: r-release-osx-x86_64