CRAN Package Check Results for Package BHSBVAR

Last updated on 2021-09-19 11:49:42 CEST.

Flavor Version Tinstall Tcheck Ttotal Status Flags
r-devel-linux-x86_64-debian-clang 3.0.1 54.26 63.08 117.34 OK
r-devel-linux-x86_64-debian-gcc 3.0.1 39.69 47.75 87.44 OK
r-devel-linux-x86_64-fedora-clang 3.0.1 162.63 OK
r-devel-linux-x86_64-fedora-gcc 3.0.1 145.30 OK
r-devel-windows-x86_64 3.0.1 48.00 84.00 132.00 OK
r-devel-windows-x86_64-gcc10-UCRT 3.0.1 ERROR
r-patched-linux-x86_64 3.0.1 46.99 60.17 107.16 OK
r-patched-solaris-x86 3.0.1 162.80 OK
r-release-linux-x86_64 3.0.1 45.14 60.07 105.21 OK
r-release-macos-arm64 3.0.1 NOTE
r-release-macos-x86_64 3.0.1 NOTE
r-release-windows-ix86+x86_64 3.0.1 119.00 135.00 254.00 OK
r-oldrel-macos-x86_64 3.0.1 NOTE
r-oldrel-windows-ix86+x86_64 3.0.1 114.00 136.00 250.00 OK

Check Details

Version: 3.0.1
Check: whether package can be installed
Result: ERROR
    Installation failed.
Flavor: r-devel-windows-x86_64-gcc10-UCRT

Version: 3.0.1
Check: installed package size
Result: NOTE
     installed size is 6.5Mb
     sub-directories of 1Mb or more:
     libs 5.8Mb
Flavors: r-release-macos-arm64, r-release-macos-x86_64, r-oldrel-macos-x86_64