CRAN Package Check Results for Package BGVAR

Last updated on 2020-08-03 20:46:45 CEST.

Flavor Version Tinstall Tcheck Ttotal Status Flags
r-devel-linux-x86_64-debian-clang 2.0.1 126.60 297.31 423.91 OK
r-devel-linux-x86_64-debian-gcc 2.0.1 91.66 210.71 302.37 OK
r-devel-linux-x86_64-fedora-clang 2.0.1 505.29 NOTE
r-devel-linux-x86_64-fedora-gcc 2.0.1 491.00 OK
r-devel-windows-ix86+x86_64 2.0.1 261.00 517.00 778.00 NOTE
r-patched-linux-x86_64 2.0.1 91.22 283.93 375.15 OK
r-patched-solaris-x86 2.0.1 561.00 NOTE
r-release-linux-x86_64 2.0.1 93.67 282.53 376.20 OK
r-release-macos-x86_64 2.0.1 NOTE
r-release-windows-ix86+x86_64 2.0.1 266.00 510.00 776.00 NOTE
r-oldrel-macos-x86_64 2.0.1 NOTE
r-oldrel-windows-ix86+x86_64 2.0.1 177.00 326.00 503.00 NOTE

Check Details

Version: 2.0.1
Check: installed package size
Result: NOTE
     installed size is 10.7Mb
     sub-directories of 1Mb or more:
     doc 3.3Mb
     libs 6.0Mb
Flavors: r-devel-linux-x86_64-fedora-clang, r-devel-windows-ix86+x86_64, r-patched-solaris-x86, r-release-macos-x86_64, r-release-windows-ix86+x86_64, r-oldrel-macos-x86_64, r-oldrel-windows-ix86+x86_64