CRAN Package Check Results for Package BDgraph

Last updated on 2024-02-27 01:49:57 CET.

Flavor Version Tinstall Tcheck Ttotal Status Flags
r-devel-linux-x86_64-debian-clang 2.72 53.83 131.91 185.74 NOTE
r-devel-linux-x86_64-debian-gcc 2.72 51.85 140.55 192.40 NOTE
r-devel-linux-x86_64-fedora-clang 2.72 221.03 NOTE
r-devel-linux-x86_64-fedora-gcc 2.72 247.79 NOTE
r-devel-windows-x86_64 2.72 50.00 125.00 175.00 NOTE
r-patched-linux-x86_64 2.72 67.47 120.61 188.08 NOTE
r-release-linux-x86_64 2.72 66.13 139.56 205.69 NOTE
r-release-macos-arm64 2.72 69.00 NOTE
r-release-macos-x86_64 2.72 109.00 NOTE
r-release-windows-x86_64 2.72 63.00 121.00 184.00 NOTE
r-oldrel-macos-arm64 2.72 51.00 NOTE
r-oldrel-windows-x86_64 2.72 54.00 109.00 163.00 OK

Check Details

Version: 2.72
Check: C++ specification
Result: NOTE Specified C++11: please drop specification unless essential Flavors: r-devel-linux-x86_64-debian-clang, r-devel-linux-x86_64-debian-gcc, r-devel-linux-x86_64-fedora-clang, r-devel-linux-x86_64-fedora-gcc, r-devel-windows-x86_64, r-patched-linux-x86_64, r-release-linux-x86_64, r-release-macos-arm64, r-release-macos-x86_64, r-release-windows-x86_64

Version: 2.72
Check: installed package size
Result: NOTE installed size is 5.2Mb sub-directories of 1Mb or more: libs 3.7Mb Flavors: r-release-macos-arm64, r-release-macos-x86_64, r-oldrel-macos-arm64

Version: 2.72
Check: package dependencies
Result: NOTE Packages suggested but not available for checking: 'ssgraph', 'tmvtnorm' Flavor: r-release-macos-x86_64

Version: 2.72
Check: Rd cross-references
Result: NOTE Package unavailable to check Rd xrefs: ‘ssgraph’ Flavor: r-release-macos-x86_64