CRAN Package Check Results for Package BDP2

Last updated on 2023-10-02 05:57:52 CEST.

Flavor Version Tinstall Tcheck Ttotal Status Flags
r-devel-linux-x86_64-debian-clang 0.1.3 12.36 98.75 111.11 NOTE
r-devel-linux-x86_64-debian-gcc 0.1.3 10.33 70.62 80.95 NOTE
r-devel-linux-x86_64-fedora-clang 0.1.3 145.55 NOTE
r-devel-linux-x86_64-fedora-gcc 0.1.3 148.11 NOTE
r-devel-windows-x86_64 0.1.3 13.00 83.00 96.00 NOTE
r-patched-linux-x86_64 0.1.3 16.07 94.28 110.35 NOTE
r-release-linux-x86_64 0.1.3 12.00 94.11 106.11 NOTE
r-release-macos-arm64 0.1.3 45.00 NOTE
r-release-macos-x86_64 0.1.3 79.00 NOTE
r-release-windows-x86_64 0.1.3 19.00 98.00 117.00 NOTE
r-oldrel-macos-arm64 0.1.3 35.00 NOTE
r-oldrel-macos-x86_64 0.1.3 66.00 NOTE
r-oldrel-windows-x86_64 0.1.3 19.00 104.00 123.00 NOTE

Check Details

Version: 0.1.3
Check: LazyData
Result: NOTE
     'LazyData' is specified without a 'data' directory
Flavors: r-devel-linux-x86_64-debian-clang, r-devel-linux-x86_64-debian-gcc, r-devel-linux-x86_64-fedora-clang, r-devel-linux-x86_64-fedora-gcc, r-devel-windows-x86_64, r-patched-linux-x86_64, r-release-linux-x86_64, r-release-macos-arm64, r-release-macos-x86_64, r-release-windows-x86_64, r-oldrel-macos-arm64, r-oldrel-macos-x86_64, r-oldrel-windows-x86_64