CRAN Package Check Results for Package BDP2

Last updated on 2024-06-21 03:57:43 CEST.

Flavor Version Tinstall Tcheck Ttotal Status Flags
r-devel-linux-x86_64-debian-clang 0.1.3 13.10 106.58 119.68 NOTE
r-devel-linux-x86_64-debian-gcc 0.1.3 11.13 74.91 86.04 NOTE
r-devel-linux-x86_64-fedora-clang 0.1.3 151.64 NOTE
r-devel-linux-x86_64-fedora-gcc 0.1.3 155.82 NOTE
r-devel-windows-x86_64 0.1.3 11.00 84.00 95.00 NOTE
r-patched-linux-x86_64 0.1.3 12.79 101.18 113.97 NOTE
r-release-linux-x86_64 0.1.3 12.09 100.98 113.07 NOTE
r-release-macos-arm64 0.1.3 43.00 NOTE
r-release-macos-x86_64 0.1.3 71.00 NOTE
r-release-windows-x86_64 0.1.3 13.00 89.00 102.00 NOTE
r-oldrel-macos-arm64 0.1.3 45.00 NOTE
r-oldrel-macos-x86_64 0.1.3 79.00 NOTE
r-oldrel-windows-x86_64 0.1.3 17.00 99.00 116.00 NOTE

Check Details

Version: 0.1.3
Check: LazyData
Result: NOTE 'LazyData' is specified without a 'data' directory Flavors: r-devel-linux-x86_64-debian-clang, r-devel-linux-x86_64-debian-gcc, r-devel-linux-x86_64-fedora-clang, r-devel-linux-x86_64-fedora-gcc, r-devel-windows-x86_64, r-patched-linux-x86_64, r-release-linux-x86_64, r-release-macos-arm64, r-release-macos-x86_64, r-release-windows-x86_64, r-oldrel-macos-arm64, r-oldrel-macos-x86_64, r-oldrel-windows-x86_64