Last updated on 2023-12-11 18:53:22 CET.
Flavor | Version | Tinstall | Tcheck | Ttotal | Status | Flags |
---|---|---|---|---|---|---|
r-devel-linux-x86_64-debian-clang | 1.3.1 | 49.10 | 399.12 | 448.22 | OK | |
r-devel-linux-x86_64-debian-gcc | 1.3.1 | 40.31 | 283.86 | 324.17 | OK | |
r-devel-linux-x86_64-fedora-clang | 1.3.1 | 565.61 | NOTE | |||
r-devel-linux-x86_64-fedora-gcc | 1.3.1 | 535.74 | NOTE | |||
r-devel-windows-x86_64 | 1.3.1 | 37.00 | 269.00 | 306.00 | OK | |
r-patched-linux-x86_64 | 1.3.1 | 40.54 | 386.73 | 427.27 | OK | |
r-release-linux-x86_64 | 1.3.1 | 31.04 | 386.06 | 417.10 | OK | |
r-release-macos-arm64 | 1.3.1 | 124.00 | OK | |||
r-release-macos-x86_64 | 1.3.1 | 499.00 | OK | |||
r-release-windows-x86_64 | 1.3.1 | 48.00 | 356.00 | 404.00 | OK | |
r-oldrel-macos-arm64 | 1.3.1 | 113.00 | OK | |||
r-oldrel-macos-x86_64 | 1.3 | 89.00 | OK | |||
r-oldrel-windows-x86_64 | 1.3.1 | 51.00 | 335.00 | 386.00 | OK |
Version: 1.3.1
Check: data for non-ASCII characters
Result: NOTE
Note: found 490 marked UTF-8 strings
Flavors: r-devel-linux-x86_64-fedora-clang, r-devel-linux-x86_64-fedora-gcc