CRAN Package Check Results for Package BALLI

Last updated on 2020-01-19 21:48:38 CET.

Flavor Version Tinstall Tcheck Ttotal Status Flags
r-devel-linux-x86_64-debian-clang 0.2.0 5.23 125.53 130.76 OK
r-devel-linux-x86_64-debian-gcc 0.2.0 4.62 91.63 96.25 OK
r-devel-linux-x86_64-fedora-clang 0.2.0 148.79 OK
r-devel-linux-x86_64-fedora-gcc 0.2.0 148.22 OK
r-devel-windows-ix86+x86_64 0.2.0 19.00 192.00 211.00 OK
r-devel-windows-ix86+x86_64-gcc8 0.2.0 13.00 158.00 171.00 OK
r-patched-linux-x86_64 0.2.0 4.47 105.37 109.84 OK
r-patched-solaris-x86 0.2.0 179.40 OK
r-release-linux-x86_64 0.2.0 4.50 108.34 112.84 OK
r-release-windows-ix86+x86_64 0.2.0 15.00 113.00 128.00 OK
r-release-osx-x86_64 0.2.0 WARN
r-oldrel-windows-ix86+x86_64 0.2.0 2.00 6.00 8.00 ERROR
r-oldrel-osx-x86_64 0.2.0 OK

Check Details

Version: 0.2.0
Check: whether package can be installed
Result: WARN
    Found the following significant warnings:
     Warning: package ‘edgeR’ was built under R version 3.6.1
Flavor: r-release-osx-x86_64

Version: 0.2.0
Check: whether package can be installed
Result: ERROR
    Installation failed.
Flavor: r-oldrel-windows-ix86+x86_64