CRAN Package Check Results for Package AzureStor

Last updated on 2019-02-24 05:52:44 CET.

Flavor Version Tinstall Tcheck Ttotal Status Flags
r-devel-linux-x86_64-debian-clang 2.0.0 4.52 29.32 33.84 OK
r-devel-linux-x86_64-debian-gcc 2.0.0 3.18 23.42 26.60 OK
r-devel-linux-x86_64-fedora-clang 2.0.0 41.43 NOTE
r-devel-linux-x86_64-fedora-gcc 2.0.0 38.18 NOTE
r-devel-windows-ix86+x86_64 2.0.0 9.00 57.00 66.00 OK
r-patched-linux-x86_64 2.0.0 2.27 26.44 28.71 OK
r-patched-solaris-x86 2.0.0 52.50 NOTE
r-release-linux-x86_64 2.0.0 3.77 26.78 30.55 OK
r-release-windows-ix86+x86_64 2.0.0 8.00 39.00 47.00 OK
r-release-osx-x86_64 2.0.0 NOTE
r-oldrel-windows-ix86+x86_64 2.0.0 3.00 61.00 64.00 OK
r-oldrel-osx-x86_64 2.0.0 NOTE

Check Details

Version: 2.0.0
Check: dependencies in R code
Result: NOTE
    Namespace in Imports field not imported from: ‘R6’
     All declared Imports should be used.
Flavors: r-devel-linux-x86_64-fedora-clang, r-devel-linux-x86_64-fedora-gcc, r-patched-solaris-x86, r-release-osx-x86_64, r-oldrel-osx-x86_64