CRAN Package Check Results for Package AzureStor

Last updated on 2019-04-23 13:56:20 CEST.

Flavor Version Tinstall Tcheck Ttotal Status Flags
r-devel-linux-x86_64-debian-clang 2.0.1 4.60 33.06 37.66 OK
r-devel-linux-x86_64-debian-gcc 2.0.1 3.20 26.75 29.95 OK
r-devel-linux-x86_64-fedora-clang 2.0.1 46.29 NOTE
r-devel-linux-x86_64-fedora-gcc 2.0.1 46.30 NOTE
r-devel-windows-ix86+x86_64 2.0.1 10.00 63.00 73.00 OK
r-patched-linux-x86_64 2.0.1 5.05 33.73 38.78 OK
r-patched-solaris-x86 2.0.1 67.10 NOTE
r-release-linux-x86_64 2.0.1 4.07 30.54 34.61 OK
r-release-windows-ix86+x86_64 2.0.1 5.00 56.00 61.00 OK
r-release-osx-x86_64 2.0.1 NOTE
r-oldrel-windows-ix86+x86_64 2.0.1 5.00 69.00 74.00 OK
r-oldrel-osx-x86_64 2.0.1 NOTE

Check Details

Version: 2.0.1
Check: dependencies in R code
Result: NOTE
    Namespace in Imports field not imported from: ‘R6’
     All declared Imports should be used.
Flavors: r-devel-linux-x86_64-fedora-clang, r-devel-linux-x86_64-fedora-gcc, r-patched-solaris-x86, r-release-osx-x86_64, r-oldrel-osx-x86_64