CRAN Package Check Results for Package AzureStor

Last updated on 2020-10-21 17:50:35 CEST.

Flavor Version Tinstall Tcheck Ttotal Status Flags
r-devel-linux-x86_64-debian-clang 3.3.0 6.03 42.84 48.87 OK
r-devel-linux-x86_64-debian-gcc 3.3.0 5.82 33.25 39.07 OK
r-devel-linux-x86_64-fedora-clang 3.3.0 68.43 NOTE
r-devel-linux-x86_64-fedora-gcc 3.3.0 62.64 NOTE
r-devel-windows-ix86+x86_64 3.3.0 12.00 56.00 68.00 OK
r-patched-linux-x86_64 3.3.0 6.10 40.65 46.75 OK
r-patched-solaris-x86 3.3.0 80.20 NOTE
r-release-linux-x86_64 3.3.0 6.18 40.57 46.75 OK
r-release-macos-x86_64 3.3.0 NOTE
r-release-windows-ix86+x86_64 3.3.0 9.00 61.00 70.00 OK
r-oldrel-macos-x86_64 3.3.0 NOTE
r-oldrel-windows-ix86+x86_64 3.3.0 1.00 7.00 8.00 ERROR

Check Details

Version: 3.3.0
Check: dependencies in R code
Result: NOTE
    Namespace in Imports field not imported from: ‘R6’
     All declared Imports should be used.
Flavors: r-devel-linux-x86_64-fedora-clang, r-devel-linux-x86_64-fedora-gcc, r-patched-solaris-x86, r-release-macos-x86_64, r-oldrel-macos-x86_64

Version: 3.3.0
Check: whether package can be installed
Result: ERROR
    Installation failed.
Flavor: r-oldrel-windows-ix86+x86_64