CRAN Package Check Results for Package AzureRMR

Last updated on 2019-04-24 15:57:11 CEST.

Flavor Version Tinstall Tcheck Ttotal Status Flags
r-devel-linux-x86_64-debian-clang 2.1.0 7.30 28.95 36.25 OK
r-devel-linux-x86_64-debian-gcc 2.1.0 5.66 23.96 29.62 OK
r-devel-linux-x86_64-fedora-clang 2.1.0 46.04 OK
r-devel-linux-x86_64-fedora-gcc 2.1.0 44.71 OK
r-devel-windows-ix86+x86_64 2.1.0 16.00 59.00 75.00 OK
r-patched-linux-x86_64 2.1.0 6.90 29.60 36.50 OK
r-patched-solaris-x86 2.1.0 64.60 OK
r-release-linux-x86_64 2.1.0 7.59 27.48 35.07 OK
r-release-windows-ix86+x86_64 2.1.0 8.00 54.00 62.00 OK
r-release-osx-x86_64 2.1.0 OK
r-oldrel-windows-ix86+x86_64 2.1.0 3.00 43.00 46.00 OK
r-oldrel-osx-x86_64 2.0.0 NOTE

Check Details

Version: 2.0.0
Check: dependencies in R code
Result: NOTE
    Namespace in Imports field not imported from: ‘openssl’
     All declared Imports should be used.
Flavor: r-oldrel-osx-x86_64