CRAN Package Check Results for Package AzureRMR

Last updated on 2019-02-19 19:47:19 CET.

Flavor Version Tinstall Tcheck Ttotal Status Flags
r-devel-linux-x86_64-debian-clang 1.0.0 5.81 23.00 28.81 OK
r-devel-linux-x86_64-debian-gcc 1.0.0 4.56 18.30 22.86 OK
r-devel-linux-x86_64-fedora-clang 1.0.0 36.75 NOTE
r-devel-linux-x86_64-fedora-gcc 1.0.0 33.48 NOTE
r-devel-windows-ix86+x86_64 1.0.0 10.00 54.00 64.00 OK
r-patched-linux-x86_64 1.0.0 5.35 20.23 25.58 OK
r-patched-solaris-x86 1.0.0 47.40 NOTE
r-release-linux-x86_64 1.0.0 4.56 20.31 24.87 OK
r-release-windows-ix86+x86_64 1.0.0 9.00 52.00 61.00 OK
r-release-osx-x86_64 1.0.0 NOTE
r-oldrel-windows-ix86+x86_64 1.0.0 4.00 38.00 42.00 OK
r-oldrel-osx-x86_64 1.0.0 NOTE

Check Details

Version: 1.0.0
Check: dependencies in R code
Result: NOTE
    Namespace in Imports field not imported from: ‘jsonlite’
     All declared Imports should be used.
Flavors: r-devel-linux-x86_64-fedora-clang, r-devel-linux-x86_64-fedora-gcc, r-patched-solaris-x86, r-release-osx-x86_64, r-oldrel-osx-x86_64