CRAN Package Check Results for Package AzureKeyVault

Last updated on 2020-01-24 12:48:52 CET.

Flavor Version Tinstall Tcheck Ttotal Status Flags
r-devel-linux-x86_64-debian-clang 1.0.3 9.39 30.84 40.23 OK
r-devel-linux-x86_64-debian-gcc 1.0.3 9.21 24.44 33.65 OK
r-devel-linux-x86_64-fedora-clang 1.0.3 52.21 NOTE
r-devel-linux-x86_64-fedora-gcc 1.0.3 51.75 NOTE
r-devel-windows-ix86+x86_64 1.0.3 30.00 62.00 92.00 OK
r-devel-windows-ix86+x86_64-gcc8 1.0.3 24.00 61.00 85.00 OK
r-patched-linux-x86_64 1.0.3 9.47 27.89 37.36 OK
r-patched-solaris-x86 1.0.3 65.10 NOTE
r-release-linux-x86_64 1.0.3 9.57 28.13 37.70 OK
r-release-windows-ix86+x86_64 1.0.3 15.00 40.00 55.00 OK
r-release-osx-x86_64 1.0.3 NOTE
r-oldrel-windows-ix86+x86_64 1.0.3 12.00 41.00 53.00 OK
r-oldrel-osx-x86_64 1.0.3 NOTE

Check Details

Version: 1.0.3
Check: dependencies in R code
Result: NOTE
    Namespaces in Imports field not imported from:
     ‘R6’ ‘jose’ ‘openssl’
     All declared Imports should be used.
Flavors: r-devel-linux-x86_64-fedora-clang, r-devel-linux-x86_64-fedora-gcc, r-patched-solaris-x86, r-release-osx-x86_64, r-oldrel-osx-x86_64