CRAN Package Check Results for Package AzureKeyVault

Last updated on 2020-10-21 17:50:35 CEST.

Flavor Version Tinstall Tcheck Ttotal Status Flags
r-devel-linux-x86_64-debian-clang 1.0.4 11.52 32.01 43.53 OK
r-devel-linux-x86_64-debian-gcc 1.0.4 9.30 25.22 34.52 OK
r-devel-linux-x86_64-fedora-clang 1.0.4 60.33 NOTE
r-devel-linux-x86_64-fedora-gcc 1.0.4 56.30 NOTE
r-devel-windows-ix86+x86_64 1.0.4 17.00 46.00 63.00 OK
r-patched-linux-x86_64 1.0.4 9.47 30.57 40.04 OK
r-patched-solaris-x86 1.0.4 73.20 NOTE
r-release-linux-x86_64 1.0.4 11.53 30.39 41.92 OK
r-release-macos-x86_64 1.0.4 NOTE
r-release-windows-ix86+x86_64 1.0.4 15.00 51.00 66.00 OK
r-oldrel-macos-x86_64 1.0.4 NOTE
r-oldrel-windows-ix86+x86_64 1.0.4 15.00 49.00 64.00 OK

Check Details

Version: 1.0.4
Check: dependencies in R code
Result: NOTE
    Namespaces in Imports field not imported from:
     ‘R6’ ‘jose’ ‘openssl’
     All declared Imports should be used.
Flavors: r-devel-linux-x86_64-fedora-clang, r-devel-linux-x86_64-fedora-gcc, r-patched-solaris-x86, r-release-macos-x86_64, r-oldrel-macos-x86_64