CRAN Package Check Results for Package AzureContainers

Last updated on 2019-08-19 21:46:46 CEST.

Flavor Version Tinstall Tcheck Ttotal Status Flags
r-devel-linux-x86_64-debian-clang 1.1.0 5.60 31.45 37.05 OK
r-devel-linux-x86_64-debian-gcc 1.1.0 5.05 25.03 30.08 OK
r-devel-linux-x86_64-fedora-clang 1.1.0 47.78 NOTE
r-devel-linux-x86_64-fedora-gcc 1.1.0 44.93 NOTE
r-devel-windows-ix86+x86_64 1.1.0 13.00 68.00 81.00 OK
r-patched-linux-x86_64 1.1.0 4.99 31.53 36.52 OK
r-patched-solaris-x86 1.1.0 67.90 NOTE
r-release-linux-x86_64 1.1.0 4.71 30.51 35.22 OK
r-release-windows-ix86+x86_64 1.1.0 8.00 42.00 50.00 OK
r-release-osx-x86_64 1.1.0 NOTE
r-oldrel-windows-ix86+x86_64 1.1.0 10.00 54.00 64.00 OK
r-oldrel-osx-x86_64 1.1.0 NOTE

Check Details

Version: 1.1.0
Check: dependencies in R code
Result: NOTE
    Namespaces in Imports field not imported from:
     ‘AzureAuth’ ‘openssl’
     All declared Imports should be used.
Flavors: r-devel-linux-x86_64-fedora-clang, r-devel-linux-x86_64-fedora-gcc, r-patched-solaris-x86, r-release-osx-x86_64, r-oldrel-osx-x86_64