CRAN Package Check Results for Package AutoStepwiseGLM

Last updated on 2019-04-23 15:50:37 CEST.

Flavor Version Tinstall Tcheck Ttotal Status Flags
r-devel-linux-x86_64-debian-clang 0.2.0 11.00 93.92 104.92 OK
r-devel-linux-x86_64-debian-gcc 0.2.0 9.32 73.52 82.84 OK
r-devel-linux-x86_64-fedora-clang 0.2.0 127.58 OK
r-devel-linux-x86_64-fedora-gcc 0.2.0 128.73 OK
r-devel-windows-ix86+x86_64 0.2.0 32.00 146.00 178.00 OK
r-patched-linux-x86_64 0.2.0 9.73 93.78 103.51 OK
r-patched-solaris-x86 0.2.0 195.70 OK
r-release-linux-x86_64 0.2.0 7.71 91.31 99.02 OK
r-release-windows-ix86+x86_64 0.2.0 1.00 11.00 12.00 ERROR
r-release-osx-x86_64 0.2.0 OK
r-oldrel-windows-ix86+x86_64 0.2.0 19.00 151.00 170.00 OK
r-oldrel-osx-x86_64 0.2.0 OK

Check Details

Version: 0.2.0
Check: whether package can be installed
Result: ERROR
    Installation failed.
Flavor: r-release-windows-ix86+x86_64