CRAN Package Check Results for Package AsyK

Last updated on 2020-01-19 19:47:46 CET.

Flavor Version Tinstall Tcheck Ttotal Status Flags
r-devel-linux-x86_64-debian-clang 1.3.2 10.96 66.04 77.00 OK
r-devel-linux-x86_64-debian-gcc 1.3.2 8.65 52.24 60.89 OK
r-devel-linux-x86_64-fedora-clang 1.3.2 93.90 OK
r-devel-linux-x86_64-fedora-gcc 1.3.2 94.56 OK
r-devel-windows-ix86+x86_64 1.3.2 26.00 77.00 103.00 OK
r-devel-windows-ix86+x86_64-gcc8 1.3.2 18.00 75.00 93.00 OK
r-patched-linux-x86_64 1.3.2 9.80 60.25 70.05 OK
r-patched-solaris-x86 1.3.2 132.70 OK
r-release-linux-x86_64 1.3.2 9.65 61.59 71.24 OK
r-release-windows-ix86+x86_64 1.3.2 22.00 66.00 88.00 OK
r-release-osx-x86_64 1.3.2 WARN
r-oldrel-windows-ix86+x86_64 1.3.2 14.00 66.00 80.00 OK
r-oldrel-osx-x86_64 1.3.2 OK

Check Details

Version: 1.3.2
Check: dependencies in R code
Result: NOTE
    No protocol specified
    No protocol specified
Flavor: r-release-osx-x86_64

Version: 1.3.2
Check: S3 generic/method consistency
Result: WARN
    No protocol specified
    No protocol specified
    See section ‘Generic functions and methods’ in the ‘Writing R
    Extensions’ manual.
Flavor: r-release-osx-x86_64

Version: 1.3.2
Check: replacement functions
Result: WARN
    No protocol specified
    No protocol specified
    The argument of a replacement function which corresponds to the right
    hand side must be named ‘value’.
Flavor: r-release-osx-x86_64

Version: 1.3.2
Check: foreign function calls
Result: NOTE
    No protocol specified
    No protocol specified
    See chapter ‘System and foreign language interfaces’ in the ‘Writing R
    Extensions’ manual.
Flavor: r-release-osx-x86_64

Version: 1.3.2
Check: R code for possible problems
Result: NOTE
    No protocol specified
    No protocol specified
Flavor: r-release-osx-x86_64

Version: 1.3.2
Check: for missing documentation entries
Result: WARN
    No protocol specified
    No protocol specified
    All user-level objects in a package should have documentation entries.
    See chapter ‘Writing R documentation files’ in the ‘Writing R
    Extensions’ manual.
Flavor: r-release-osx-x86_64

Version: 1.3.2
Check: for code/documentation mismatches
Result: WARN
    No protocol specified
    No protocol specified
    No protocol specified
    No protocol specified
    No protocol specified
    No protocol specified
Flavor: r-release-osx-x86_64

Version: 1.3.2
Check: Rd \usage sections
Result: NOTE
    No protocol specified
    No protocol specified
    The \usage entries for S3 methods should use the \method markup and not
    their full name.
    See chapter ‘Writing R documentation files’ in the ‘Writing R
    Extensions’ manual.
Flavor: r-release-osx-x86_64