CRAN Package Check Results for Package AssocTests

Last updated on 2020-04-05 05:47:04 CEST.

Flavor Version Tinstall Tcheck Ttotal Status Flags
r-devel-linux-x86_64-debian-clang 0.0-4 7.52 54.52 62.04 NOTE
r-devel-linux-x86_64-debian-gcc 0.0-4 5.57 42.44 48.01 NOTE
r-devel-linux-x86_64-fedora-clang 0.0-4 73.72 NOTE
r-devel-linux-x86_64-fedora-gcc 0.0-4 79.50 NOTE
r-devel-windows-ix86+x86_64 0.0-4 14.00 62.00 76.00 OK
r-devel-windows-ix86+x86_64-gcc8 0.0-4 14.00 64.00 78.00 OK
r-patched-linux-x86_64 0.0-4 6.19 53.54 59.73 NOTE
r-patched-solaris-x86 0.0-4 111.80 NOTE
r-release-linux-x86_64 0.0-4 6.60 48.19 54.79 OK
r-release-windows-ix86+x86_64 0.0-4 12.00 96.00 108.00 OK
r-release-osx-x86_64 0.0-4 OK
r-oldrel-windows-ix86+x86_64 0.0-4 12.00 57.00 69.00 OK
r-oldrel-osx-x86_64 0.0-4 OK

Check Details

Version: 0.0-4
Check: for non-standard things in the check directory
Result: NOTE
    Found the following files/directories:
     'eigenstrat.result.list' 'eigenstrat.result.txt' 'eigenstratG.eg.txt'
     'pcoc.result.txt' 'pcocG.eg.txt'
Flavors: r-devel-linux-x86_64-debian-clang, r-devel-linux-x86_64-debian-gcc, r-devel-linux-x86_64-fedora-clang, r-devel-linux-x86_64-fedora-gcc, r-patched-linux-x86_64, r-patched-solaris-x86