CRAN Package Check Results for Package ArchaeoPhases

Last updated on 2019-05-22 22:52:25 CEST.

Flavor Version Tinstall Tcheck Ttotal Status Flags
r-devel-linux-x86_64-debian-clang 1.4 7.77 148.40 156.17 OK
r-devel-linux-x86_64-debian-gcc 1.4 6.01 112.36 118.37 OK
r-devel-linux-x86_64-fedora-clang 1.4 189.49 NOTE
r-devel-linux-x86_64-fedora-gcc 1.4 183.15 NOTE
r-devel-windows-ix86+x86_64 1.4 16.00 158.00 174.00 OK
r-patched-linux-x86_64 1.4 7.91 142.07 149.98 OK
r-patched-solaris-x86 1.4 288.00 NOTE
r-release-linux-x86_64 1.4 6.74 140.39 147.13 OK
r-release-windows-ix86+x86_64 1.4 34.00 212.00 246.00 OK
r-release-osx-x86_64 1.4 NOTE
r-oldrel-windows-ix86+x86_64 1.4 11.00 151.00 162.00 OK
r-oldrel-osx-x86_64 1.4 NOTE

Check Details

Version: 1.4
Check: dependencies in R code
Result: NOTE
    Namespace in Imports field not imported from: ‘DT’
     All declared Imports should be used.
Flavors: r-devel-linux-x86_64-fedora-clang, r-devel-linux-x86_64-fedora-gcc, r-patched-solaris-x86, r-release-osx-x86_64, r-oldrel-osx-x86_64