Last updated on 2023-12-11 05:51:43 CET.
Flavor | Version | Tinstall | Tcheck | Ttotal | Status | Flags |
---|---|---|---|---|---|---|
r-devel-linux-x86_64-debian-clang | 1.2 | 48.56 | 257.27 | 305.83 | NOTE | |
r-devel-linux-x86_64-debian-gcc | 1.2 | 47.40 | 186.37 | 233.77 | NOTE | |
r-devel-linux-x86_64-fedora-clang | 1.2 | 406.77 | NOTE | |||
r-devel-linux-x86_64-fedora-gcc | 1.2 | 402.28 | OK | |||
r-devel-windows-x86_64 | 1.2 | 61.00 | 193.00 | 254.00 | NOTE | |
r-patched-linux-x86_64 | 1.2 | 57.75 | 267.93 | 325.68 | OK | |
r-release-linux-x86_64 | 1.2 | 44.78 | 270.16 | 314.94 | OK | |
r-release-macos-arm64 | 1.2 | 130.00 | NOTE | |||
r-release-macos-x86_64 | 1.2 | 212.00 | NOTE | |||
r-release-windows-x86_64 | 1.2 | 72.00 | 228.00 | 300.00 | NOTE | |
r-oldrel-macos-arm64 | 1.2 | 103.00 | NOTE | |||
r-oldrel-macos-x86_64 | 1.2 | 227.00 | NOTE | |||
r-oldrel-windows-x86_64 | 1.2 | 74.00 | 205.00 | 279.00 | NOTE |
Version: 1.2
Check: Rd files
Result: NOTE
checkRd: (-1) AntAngioCOOL.Rd:33: Lost braces; missing escapes or markup?
33 | 2- K-mer composition that shows the fraction of all possible subsequences with length k in the given peptide. To compute k-mer composition features, reduced amino acid alphabet that proposed by Zahiri et al (Zahiri et al., 2014) has been exploited: the 20 alphabet of amino acids have been reduced to a new alphabet with size 8 according to 544 physicochemical and biochemical indices that extracted from AAIndex database (Kawashima et al., 2008) (C1={A, E}, C2={I, L, F, M, V}, C3={N, D, T, S}, C4={G}, C5={P}, C6={R, K, Q, H}, C7={Y, W}, C8={C}). We have computed k-mer composition for k=2,3,4 for each peptide.
| ^
checkRd: (-1) AntAngioCOOL.Rd:33: Lost braces; missing escapes or markup?
33 | 2- K-mer composition that shows the fraction of all possible subsequences with length k in the given peptide. To compute k-mer composition features, reduced amino acid alphabet that proposed by Zahiri et al (Zahiri et al., 2014) has been exploited: the 20 alphabet of amino acids have been reduced to a new alphabet with size 8 according to 544 physicochemical and biochemical indices that extracted from AAIndex database (Kawashima et al., 2008) (C1={A, E}, C2={I, L, F, M, V}, C3={N, D, T, S}, C4={G}, C5={P}, C6={R, K, Q, H}, C7={Y, W}, C8={C}). We have computed k-mer composition for k=2,3,4 for each peptide.
| ^
checkRd: (-1) AntAngioCOOL.Rd:33: Lost braces; missing escapes or markup?
33 | 2- K-mer composition that shows the fraction of all possible subsequences with length k in the given peptide. To compute k-mer composition features, reduced amino acid alphabet that proposed by Zahiri et al (Zahiri et al., 2014) has been exploited: the 20 alphabet of amino acids have been reduced to a new alphabet with size 8 according to 544 physicochemical and biochemical indices that extracted from AAIndex database (Kawashima et al., 2008) (C1={A, E}, C2={I, L, F, M, V}, C3={N, D, T, S}, C4={G}, C5={P}, C6={R, K, Q, H}, C7={Y, W}, C8={C}). We have computed k-mer composition for k=2,3,4 for each peptide.
| ^
checkRd: (-1) AntAngioCOOL.Rd:33: Lost braces; missing escapes or markup?
33 | 2- K-mer composition that shows the fraction of all possible subsequences with length k in the given peptide. To compute k-mer composition features, reduced amino acid alphabet that proposed by Zahiri et al (Zahiri et al., 2014) has been exploited: the 20 alphabet of amino acids have been reduced to a new alphabet with size 8 according to 544 physicochemical and biochemical indices that extracted from AAIndex database (Kawashima et al., 2008) (C1={A, E}, C2={I, L, F, M, V}, C3={N, D, T, S}, C4={G}, C5={P}, C6={R, K, Q, H}, C7={Y, W}, C8={C}). We have computed k-mer composition for k=2,3,4 for each peptide.
| ^
checkRd: (-1) AntAngioCOOL.Rd:33: Lost braces; missing escapes or markup?
33 | 2- K-mer composition that shows the fraction of all possible subsequences with length k in the given peptide. To compute k-mer composition features, reduced amino acid alphabet that proposed by Zahiri et al (Zahiri et al., 2014) has been exploited: the 20 alphabet of amino acids have been reduced to a new alphabet with size 8 according to 544 physicochemical and biochemical indices that extracted from AAIndex database (Kawashima et al., 2008) (C1={A, E}, C2={I, L, F, M, V}, C3={N, D, T, S}, C4={G}, C5={P}, C6={R, K, Q, H}, C7={Y, W}, C8={C}). We have computed k-mer composition for k=2,3,4 for each peptide.
| ^
checkRd: (-1) AntAngioCOOL.Rd:33: Lost braces; missing escapes or markup?
33 | 2- K-mer composition that shows the fraction of all possible subsequences with length k in the given peptide. To compute k-mer composition features, reduced amino acid alphabet that proposed by Zahiri et al (Zahiri et al., 2014) has been exploited: the 20 alphabet of amino acids have been reduced to a new alphabet with size 8 according to 544 physicochemical and biochemical indices that extracted from AAIndex database (Kawashima et al., 2008) (C1={A, E}, C2={I, L, F, M, V}, C3={N, D, T, S}, C4={G}, C5={P}, C6={R, K, Q, H}, C7={Y, W}, C8={C}). We have computed k-mer composition for k=2,3,4 for each peptide.
| ^
checkRd: (-1) AntAngioCOOL.Rd:33: Lost braces; missing escapes or markup?
33 | 2- K-mer composition that shows the fraction of all possible subsequences with length k in the given peptide. To compute k-mer composition features, reduced amino acid alphabet that proposed by Zahiri et al (Zahiri et al., 2014) has been exploited: the 20 alphabet of amino acids have been reduced to a new alphabet with size 8 according to 544 physicochemical and biochemical indices that extracted from AAIndex database (Kawashima et al., 2008) (C1={A, E}, C2={I, L, F, M, V}, C3={N, D, T, S}, C4={G}, C5={P}, C6={R, K, Q, H}, C7={Y, W}, C8={C}). We have computed k-mer composition for k=2,3,4 for each peptide.
| ^
checkRd: (-1) AntAngioCOOL.Rd:33: Lost braces; missing escapes or markup?
33 | 2- K-mer composition that shows the fraction of all possible subsequences with length k in the given peptide. To compute k-mer composition features, reduced amino acid alphabet that proposed by Zahiri et al (Zahiri et al., 2014) has been exploited: the 20 alphabet of amino acids have been reduced to a new alphabet with size 8 according to 544 physicochemical and biochemical indices that extracted from AAIndex database (Kawashima et al., 2008) (C1={A, E}, C2={I, L, F, M, V}, C3={N, D, T, S}, C4={G}, C5={P}, C6={R, K, Q, H}, C7={Y, W}, C8={C}). We have computed k-mer composition for k=2,3,4 for each peptide.
| ^
Flavors: r-devel-linux-x86_64-debian-clang, r-devel-linux-x86_64-debian-gcc
Version: 1.2
Check: installed package size
Result: NOTE
installed size is 34.5Mb
sub-directories of 1Mb or more:
R 34.4Mb
Flavors: r-devel-linux-x86_64-fedora-clang, r-devel-windows-x86_64, r-release-macos-arm64, r-release-macos-x86_64, r-release-windows-x86_64, r-oldrel-macos-arm64, r-oldrel-macos-x86_64, r-oldrel-windows-x86_64