Last updated on 2023-10-01 03:54:32 CEST.
Flavor | Version | Tinstall | Tcheck | Ttotal | Status | Flags |
---|---|---|---|---|---|---|
r-devel-linux-x86_64-debian-clang | 1.0-0 | 13.33 | 129.65 | 142.98 | NOTE | |
r-devel-linux-x86_64-debian-gcc | 1.0-0 | 11.90 | 95.48 | 107.38 | NOTE | |
r-devel-linux-x86_64-fedora-clang | 1.0-0 | 180.11 | NOTE | |||
r-devel-linux-x86_64-fedora-gcc | 1.0-0 | 173.27 | NOTE | |||
r-devel-windows-x86_64 | 1.0-0 | 14.00 | 120.00 | 134.00 | NOTE | |
r-patched-linux-x86_64 | 1.0-0 | 10.45 | 123.03 | 133.48 | NOTE | |
r-release-linux-x86_64 | 1.0-0 | 11.11 | 123.19 | 134.30 | NOTE | |
r-release-macos-arm64 | 1.0-0 | 42.00 | NOTE | |||
r-release-macos-x86_64 | 1.0-0 | 65.00 | NOTE | |||
r-release-windows-x86_64 | 1.0-0 | 18.00 | 141.00 | 159.00 | NOTE | |
r-oldrel-macos-arm64 | 1.0-0 | 39.00 | OK | |||
r-oldrel-macos-x86_64 | 1.0-0 | 85.00 | OK | |||
r-oldrel-windows-x86_64 | 1.0-0 | 18.00 | 141.00 | 159.00 | OK |
Version: 1.0-0
Check: Rd files
Result: NOTE
checkRd: (-1) PV_post_triang_3.Rd:7: Escaped LaTeX specials: \_ \_
checkRd: (-1) PV_post_triang_3.Rd:22: Escaped LaTeX specials: \_ \_
checkRd: (-1) PV_pre_triang_3.Rd:7: Escaped LaTeX specials: \_ \_
checkRd: (-1) PV_pre_triang_3.Rd:22: Escaped LaTeX specials: \_ \_
Flavors: r-devel-linux-x86_64-debian-clang, r-devel-linux-x86_64-debian-gcc, r-devel-linux-x86_64-fedora-clang, r-devel-linux-x86_64-fedora-gcc, r-devel-windows-x86_64, r-patched-linux-x86_64, r-release-linux-x86_64, r-release-macos-arm64, r-release-macos-x86_64, r-release-windows-x86_64