Last updated on 2023-10-01 01:53:10 CEST.
Flavor | Version | Tinstall | Tcheck | Ttotal | Status | Flags |
---|---|---|---|---|---|---|
r-devel-linux-x86_64-debian-clang | 0.1.4.4 | 294.39 | 246.96 | 541.35 | NOTE | |
r-devel-linux-x86_64-debian-gcc | 0.1.4.4 | 217.68 | 177.46 | 395.14 | NOTE | |
r-devel-linux-x86_64-fedora-clang | 0.1.4.4 | 832.51 | NOTE | |||
r-devel-linux-x86_64-fedora-gcc | 0.1.4.4 | 874.57 | NOTE | |||
r-devel-windows-x86_64 | 0.1.4.4 | 219.00 | 236.00 | 455.00 | NOTE | |
r-patched-linux-x86_64 | 0.1.4.4 | 292.80 | 238.22 | 531.02 | NOTE | |
r-release-linux-x86_64 | 0.1.4.4 | 298.84 | 235.74 | 534.58 | NOTE | |
r-release-macos-arm64 | 0.1.4.4 | 198.00 | NOTE | |||
r-release-macos-x86_64 | 0.1.4.4 | 338.00 | NOTE | |||
r-release-windows-x86_64 | 0.1.4.4 | 221.00 | 301.00 | 522.00 | NOTE | |
r-oldrel-macos-arm64 | 0.1.4.4 | 182.00 | NOTE | |||
r-oldrel-macos-x86_64 | 0.1.4.4 | 235.00 | NOTE | |||
r-oldrel-windows-x86_64 | 0.1.4.4 | 266.00 | 283.00 | 549.00 | NOTE |
Version: 0.1.4.4
Check: C++ specification
Result: NOTE
Specified C++11: please drop specification unless essential
Flavors: r-devel-linux-x86_64-debian-clang, r-devel-linux-x86_64-debian-gcc, r-devel-linux-x86_64-fedora-clang, r-devel-linux-x86_64-fedora-gcc, r-devel-windows-x86_64, r-patched-linux-x86_64, r-release-linux-x86_64, r-release-macos-arm64, r-release-macos-x86_64, r-release-windows-x86_64
Version: 0.1.4.4
Check: LazyData
Result: NOTE
'LazyData' is specified without a 'data' directory
Flavors: r-devel-linux-x86_64-debian-clang, r-devel-linux-x86_64-debian-gcc, r-devel-linux-x86_64-fedora-clang, r-devel-linux-x86_64-fedora-gcc, r-devel-windows-x86_64, r-patched-linux-x86_64, r-release-linux-x86_64, r-release-macos-arm64, r-release-macos-x86_64, r-release-windows-x86_64, r-oldrel-macos-arm64, r-oldrel-macos-x86_64, r-oldrel-windows-x86_64
Version: 0.1.4.4
Check: installed package size
Result: NOTE
installed size is 27.3Mb
sub-directories of 1Mb or more:
libs 25.9Mb
Flavors: r-release-macos-arm64, r-release-macos-x86_64, r-oldrel-macos-arm64, r-oldrel-macos-x86_64