Last updated on 2023-12-08 19:51:22 CET.
Flavor | Version | Tinstall | Tcheck | Ttotal | Status | Flags |
---|---|---|---|---|---|---|
r-devel-linux-x86_64-debian-clang | 1.8.1 | 49.16 | 83.20 | 132.36 | NOTE | |
r-devel-linux-x86_64-debian-gcc | 1.8.1 | 37.79 | 62.47 | 100.26 | NOTE | |
r-devel-linux-x86_64-fedora-clang | 1.8.1 | 170.95 | NOTE | |||
r-devel-linux-x86_64-fedora-gcc | 1.8.1 | 175.33 | NOTE | |||
r-devel-windows-x86_64 | 1.8.1 | 39.00 | 121.00 | 160.00 | NOTE | |
r-patched-linux-x86_64 | 1.8.1 | 43.04 | 79.85 | 122.89 | NOTE | |
r-release-linux-x86_64 | 1.8.1 | 42.07 | 78.60 | 120.67 | NOTE | |
r-release-macos-arm64 | 1.8.1 | 57.00 | NOTE | |||
r-release-macos-x86_64 | 1.8.1 | 96.00 | NOTE | |||
r-release-windows-x86_64 | 1.8.1 | 48.00 | 113.00 | 161.00 | NOTE | |
r-oldrel-macos-arm64 | 1.8.1 | 48.00 | NOTE | |||
r-oldrel-macos-x86_64 | 1.8.1 | 91.00 | NOTE | |||
r-oldrel-windows-x86_64 | 1.8.1 | 43.00 | 116.00 | 159.00 | OK |
Version: 1.8.1
Check: C++ specification
Result: NOTE
Specified C++11: please drop specification unless essential
Flavors: r-devel-linux-x86_64-debian-clang, r-devel-linux-x86_64-debian-gcc, r-devel-linux-x86_64-fedora-clang, r-devel-linux-x86_64-fedora-gcc, r-devel-windows-x86_64, r-patched-linux-x86_64, r-release-linux-x86_64, r-release-macos-arm64, r-release-macos-x86_64, r-release-windows-x86_64
Version: 1.8.1
Check: Rd metadata
Result: NOTE
Invalid package aliases in Rd file 'amelia.package.Rd':
‘amelia-package’
Flavors: r-devel-linux-x86_64-debian-clang, r-devel-linux-x86_64-debian-gcc, r-devel-linux-x86_64-fedora-clang, r-devel-linux-x86_64-fedora-gcc, r-devel-windows-x86_64
Version: 1.8.1
Check: installed package size
Result: NOTE
installed size is 6.0Mb
sub-directories of 1Mb or more:
doc 1.4Mb
libs 3.9Mb
Flavors: r-release-macos-arm64, r-release-macos-x86_64, r-oldrel-macos-arm64, r-oldrel-macos-x86_64