Last updated on 2023-06-07 18:56:23 CEST.
Flavor | Version | Tinstall | Tcheck | Ttotal | Status | Flags |
---|---|---|---|---|---|---|
r-devel-linux-x86_64-debian-clang | 0.0.3.0 | 53.32 | 54.07 | 107.39 | OK | |
r-devel-linux-x86_64-debian-gcc | 0.0.3.0 | 41.66 | 41.18 | 82.84 | OK | |
r-devel-linux-x86_64-fedora-clang | 0.0.3.0 | 148.10 | OK | |||
r-devel-linux-x86_64-fedora-gcc | 0.0.3.0 | 160.67 | OK | |||
r-devel-windows-x86_64 | 0.0.3.0 | 43.00 | 86.00 | 129.00 | OK | |
r-patched-linux-x86_64 | 0.0.3.0 | 44.95 | 51.72 | 96.67 | OK | |
r-release-linux-x86_64 | 0.0.3.0 | 44.12 | 50.39 | 94.51 | OK | |
r-release-macos-arm64 | 0.0.3.0 | 62.00 | OK | |||
r-release-macos-x86_64 | 0.0.2.2 | 80.00 | NOTE | |||
r-release-windows-x86_64 | 0.0.3.0 | 52.00 | 93.00 | 145.00 | OK | |
r-oldrel-macos-arm64 | 0.0.3.0 | 45.00 | OK | |||
r-oldrel-macos-x86_64 | 0.0.3.0 | 58.00 | OK | |||
r-oldrel-windows-x86_64 | 0.0.3.0 | 50.00 | 91.00 | 141.00 | OK |
Version: 0.0.2.2
Check: C++ specification
Result: NOTE
Specified C++11: please drop specification unless essential
Flavor: r-release-macos-x86_64