Last updated on 2023-12-11 05:51:43 CET.
Flavor | Version | Tinstall | Tcheck | Ttotal | Status | Flags |
---|---|---|---|---|---|---|
r-devel-linux-x86_64-debian-clang | 1.2 | 2.55 | 28.61 | 31.16 | NOTE | |
r-devel-linux-x86_64-debian-gcc | 1.2 | 1.85 | 22.48 | 24.33 | NOTE | |
r-devel-linux-x86_64-fedora-clang | 1.2 | 39.89 | NOTE | |||
r-devel-linux-x86_64-fedora-gcc | 1.2 | 50.40 | NOTE | |||
r-devel-windows-x86_64 | 1.2 | 3.00 | 65.00 | 68.00 | NOTE | |
r-patched-linux-x86_64 | 1.2 | 1.95 | 28.46 | 30.41 | NOTE | |
r-release-linux-x86_64 | 1.2 | 2.01 | 27.80 | 29.81 | NOTE | |
r-release-macos-arm64 | 1.2 | 23.00 | NOTE | |||
r-release-macos-x86_64 | 1.2 | 48.00 | NOTE | |||
r-release-windows-x86_64 | 1.2 | 4.00 | 57.00 | 61.00 | NOTE | |
r-oldrel-macos-arm64 | 1.2 | 19.00 | OK | |||
r-oldrel-macos-x86_64 | 1.2 | 28.00 | OK | |||
r-oldrel-windows-x86_64 | 1.2 | 7.00 | 69.00 | 76.00 | OK |
Version: 1.2
Check: Rd files
Result: NOTE
checkRd: (-1) optimalfrequency.Rd:29: Escaped LaTeX specials: \$
checkRd: (-1) optimalfrequency.Rd:30: Escaped LaTeX specials: \$
checkRd: (-1) optimalfrequency.Rd:31: Escaped LaTeX specials: \$
Flavors: r-devel-linux-x86_64-debian-clang, r-devel-linux-x86_64-debian-gcc, r-devel-linux-x86_64-fedora-clang, r-devel-linux-x86_64-fedora-gcc, r-devel-windows-x86_64, r-patched-linux-x86_64, r-release-linux-x86_64, r-release-macos-arm64, r-release-macos-x86_64, r-release-windows-x86_64