CRAN Package Check Results for Package AlgDesign

Last updated on 2020-04-04 15:48:10 CEST.

Flavor Version Tinstall Tcheck Ttotal Status Flags
r-devel-linux-x86_64-debian-clang 1.2.0 11.29 37.42 48.71 OK
r-devel-linux-x86_64-debian-gcc 1.2.0 5.20 29.44 34.64 OK
r-devel-linux-x86_64-fedora-clang 1.2.0 59.84 NOTE
r-devel-linux-x86_64-fedora-gcc 1.2.0 56.81 NOTE
r-devel-windows-ix86+x86_64 1.2.0 16.00 77.00 93.00 OK
r-devel-windows-ix86+x86_64-gcc8 1.2.0 19.00 55.00 74.00 OK
r-patched-linux-x86_64 1.2.0 6.05 36.82 42.87 OK
r-patched-solaris-x86 1.2.0 84.50 OK
r-release-linux-x86_64 1.2.0 5.49 35.04 40.53 OK
r-release-windows-ix86+x86_64 1.2.0 23.00 77.00 100.00 OK
r-release-osx-x86_64 1.2.0 OK
r-oldrel-windows-ix86+x86_64 1.2.0 16.00 85.00 101.00 OK
r-oldrel-osx-x86_64 1.2.0 OK

Check Details

Version: 1.2.0
Check: compiled code
Result: NOTE
    File ‘AlgDesign/libs/AlgDesign.so’:
     Found no calls to: ‘R_registerRoutines’, ‘R_useDynamicSymbols’
    
    It is good practice to register native routines and to disable symbol
    search.
    
    See ‘Writing portable packages’ in the ‘Writing R Extensions’ manual.
Flavors: r-devel-linux-x86_64-fedora-clang, r-devel-linux-x86_64-fedora-gcc