CRAN Package Check Results for Package AirMonitor

Last updated on 2023-12-10 10:52:23 CET.

Flavor Version Tinstall Tcheck Ttotal Status Flags
r-devel-linux-x86_64-debian-clang 0.3.12 8.26 86.73 94.99 NOTE
r-devel-linux-x86_64-debian-gcc 0.3.12 7.27 64.25 71.52 NOTE
r-devel-linux-x86_64-fedora-clang 0.3.12 117.69 NOTE
r-devel-linux-x86_64-fedora-gcc 0.3.12 126.39 NOTE
r-devel-windows-x86_64 0.3.12 10.00 108.00 118.00 OK
r-patched-linux-x86_64 0.3.12 9.76 81.54 91.30 OK
r-release-linux-x86_64 0.3.12 5.91 80.05 85.96 OK
r-release-macos-arm64 0.3.12 52.00 OK
r-release-macos-x86_64 0.3.12 120.00 OK
r-release-windows-x86_64 0.3.12 13.00 126.00 139.00 OK
r-oldrel-macos-arm64 0.3.12 45.00 OK
r-oldrel-macos-x86_64 0.3.12 54.00 OK
r-oldrel-windows-x86_64 0.3.12 12.00 106.00 118.00 OK

Check Details

Version: 0.3.12
Check: Rd files
Result: NOTE checkRd: (-1) monitor_combine.Rd:14: Lost braces 14 | \item{...}{Any number of valid emph{mts_monitor} objects or a list of objects.} | ^ checkRd: (-1) monitor_leaflet.Rd:60: Lost braces in \enumerate; meant \describe ? checkRd: (-1) monitor_leaflet.Rd:61: Lost braces in \enumerate; meant \describe ? checkRd: (-1) monitor_leaflet.Rd:62: Lost braces in \enumerate; meant \describe ? checkRd: (-1) monitor_leaflet.Rd:63: Lost braces in \enumerate; meant \describe ? checkRd: (-1) monitor_nowcast.Rd:32: Lost braces; missing escapes or markup? 32 | \item{\code{pm}}: {hours = 12, weight = 0.5} | ^ checkRd: (-1) monitor_nowcast.Rd:33: Lost braces; missing escapes or markup? 33 | \item{\code{pmAsian}}: {hours = 3, weight = 0.1} | ^ checkRd: (-1) monitor_nowcast.Rd:34: Lost braces; missing escapes or markup? 34 | \item{\code{ozone}}: {hours = 8, weight = NA} | ^ checkRd: (-1) monitor_replaceValues.Rd:12: Lost braces 12 | \item{filter}{\R{R} expression used to identify values for replacement.} | ^ Flavors: r-devel-linux-x86_64-debian-clang, r-devel-linux-x86_64-debian-gcc

Version: 0.3.12
Check: data for non-ASCII characters
Result: NOTE Note: found 1 marked UTF-8 string Flavors: r-devel-linux-x86_64-fedora-clang, r-devel-linux-x86_64-fedora-gcc