CRAN Package Check Results for Package AhoCorasickTrie

Last updated on 2019-08-24 06:47:14 CEST.

Flavor Version Tinstall Tcheck Ttotal Status Flags
r-devel-linux-x86_64-debian-clang 0.1.0 20.20 33.93 54.13 NOTE
r-devel-linux-x86_64-debian-gcc 0.1.0 13.25 27.57 40.82 NOTE
r-devel-linux-x86_64-fedora-clang 0.1.0 72.99 NOTE
r-devel-linux-x86_64-fedora-gcc 0.1.0 69.88 NOTE
r-devel-windows-ix86+x86_64 0.1.0 45.00 63.00 108.00 OK
r-patched-linux-x86_64 0.1.0 16.07 33.42 49.49 NOTE
r-patched-solaris-x86 0.1.0 87.40 NOTE
r-release-linux-x86_64 0.1.0 15.93 33.38 49.31 NOTE
r-release-windows-ix86+x86_64 0.1.0 62.00 147.00 209.00 OK
r-release-osx-x86_64 0.1.0 NOTE
r-oldrel-windows-ix86+x86_64 0.1.0 55.00 82.00 137.00 OK
r-oldrel-osx-x86_64 0.1.0 NOTE

Check Details

Version: 0.1.0
Check: Rd cross-references
Result: NOTE
    Package unavailable to check Rd xrefs: 'Starr'
Flavors: r-devel-linux-x86_64-debian-clang, r-devel-linux-x86_64-debian-gcc, r-patched-linux-x86_64, r-patched-solaris-x86, r-release-linux-x86_64, r-oldrel-osx-x86_64

Version: 0.1.0
Check: compiled code
Result: NOTE
    File ‘AhoCorasickTrie/libs/AhoCorasickTrie.so’:
     Found no calls to: ‘R_registerRoutines’, ‘R_useDynamicSymbols’
    
    It is good practice to register native routines and to disable symbol
    search.
    
    See ‘Writing portable packages’ in the ‘Writing R Extensions’ manual.
Flavors: r-devel-linux-x86_64-fedora-clang, r-devel-linux-x86_64-fedora-gcc

Version: 0.1.0
Check: package dependencies
Result: NOTE
    Package suggested but not available for checking: ‘Biostrings’
Flavor: r-release-osx-x86_64

Version: 0.1.0
Check: Rd cross-references
Result: NOTE
    Packages unavailable to check Rd xrefs: ‘Biostrings’, ‘Starr’
Flavor: r-release-osx-x86_64