CRAN Package Check Results for Package AhoCorasickTrie

Last updated on 2019-04-25 15:53:47 CEST.

Flavor Version Tinstall Tcheck Ttotal Status Flags
r-devel-linux-x86_64-debian-clang 0.1.0 18.23 34.31 52.54 NOTE
r-devel-linux-x86_64-debian-gcc 0.1.0 14.58 27.41 41.99 NOTE
r-devel-linux-x86_64-fedora-clang 0.1.0 71.50 NOTE
r-devel-linux-x86_64-fedora-gcc 0.1.0 66.20 NOTE
r-devel-windows-ix86+x86_64 0.1.0 56.00 83.00 139.00 OK
r-patched-linux-x86_64 0.1.0 17.40 33.20 50.60 NOTE
r-patched-solaris-x86 0.1.0 83.50 NOTE
r-release-linux-x86_64 0.1.0 16.68 32.39 49.07 NOTE
r-release-windows-ix86+x86_64 0.1.0 42.00 84.00 126.00 OK
r-release-osx-x86_64 0.1.0 NOTE
r-oldrel-windows-ix86+x86_64 0.1.0 43.00 79.00 122.00 OK
r-oldrel-osx-x86_64 0.1.0 NOTE

Check Details

Version: 0.1.0
Check: Rd cross-references
Result: NOTE
    Package unavailable to check Rd xrefs: 'Starr'
Flavors: r-devel-linux-x86_64-debian-clang, r-devel-linux-x86_64-debian-gcc, r-devel-linux-x86_64-fedora-clang, r-devel-linux-x86_64-fedora-gcc, r-patched-linux-x86_64, r-patched-solaris-x86, r-release-linux-x86_64, r-release-osx-x86_64

Version: 0.1.0
Check: compiled code
Result: NOTE
    File ‘AhoCorasickTrie/libs/AhoCorasickTrie.so’:
     Found no calls to: ‘R_registerRoutines’, ‘R_useDynamicSymbols’
    
    It is good practice to register native routines and to disable symbol
    search.
    
    See ‘Writing portable packages’ in the ‘Writing R Extensions’ manual.
Flavors: r-devel-linux-x86_64-fedora-clang, r-devel-linux-x86_64-fedora-gcc

Version: 0.1.0
Check: package dependencies
Result: NOTE
    Package suggested but not available for checking: ‘Biostrings’
Flavor: r-oldrel-osx-x86_64

Version: 0.1.0
Check: Rd cross-references
Result: NOTE
    Packages unavailable to check Rd xrefs: ‘Biostrings’, ‘Starr’
Flavor: r-oldrel-osx-x86_64