Last updated on 2019-02-23 18:52:30 CET.
Flavor | Version | Tinstall | Tcheck | Ttotal | Status | Flags |
---|---|---|---|---|---|---|
r-devel-linux-x86_64-debian-clang | 0.1.0 | 19.05 | 30.43 | 49.48 | NOTE | |
r-devel-linux-x86_64-debian-gcc | 0.1.0 | 13.74 | 24.71 | 38.45 | NOTE | |
r-devel-linux-x86_64-fedora-clang | 0.1.0 | 67.18 | NOTE | |||
r-devel-linux-x86_64-fedora-gcc | 0.1.0 | 60.13 | NOTE | |||
r-devel-windows-ix86+x86_64 | 0.1.0 | 54.00 | 66.00 | 120.00 | OK | |
r-patched-linux-x86_64 | 0.1.0 | 17.94 | 28.43 | 46.37 | NOTE | |
r-patched-solaris-x86 | 0.1.0 | 76.50 | NOTE | |||
r-release-linux-x86_64 | 0.1.0 | 17.60 | 28.95 | 46.55 | NOTE | |
r-release-windows-ix86+x86_64 | 0.1.0 | 54.00 | 88.00 | 142.00 | OK | |
r-release-osx-x86_64 | 0.1.0 | NOTE | ||||
r-oldrel-windows-ix86+x86_64 | 0.1.0 | 45.00 | 78.00 | 123.00 | OK | |
r-oldrel-osx-x86_64 | 0.1.0 | NOTE |
Version: 0.1.0
Check: Rd cross-references
Result: NOTE
Package unavailable to check Rd xrefs: ‘Starr’
Flavors: r-devel-linux-x86_64-debian-clang, r-devel-linux-x86_64-debian-gcc, r-devel-linux-x86_64-fedora-clang, r-devel-linux-x86_64-fedora-gcc, r-patched-linux-x86_64, r-patched-solaris-x86, r-release-linux-x86_64, r-release-osx-x86_64
Version: 0.1.0
Check: compiled code
Result: NOTE
File ‘AhoCorasickTrie/libs/AhoCorasickTrie.so’:
Found no calls to: ‘R_registerRoutines’, ‘R_useDynamicSymbols’
It is good practice to register native routines and to disable symbol
search.
See ‘Writing portable packages’ in the ‘Writing R Extensions’ manual.
Flavors: r-devel-linux-x86_64-fedora-clang, r-devel-linux-x86_64-fedora-gcc
Version: 0.1.0
Check: package dependencies
Result: NOTE
Package suggested but not available for checking: ‘Biostrings’
Flavor: r-oldrel-osx-x86_64
Version: 0.1.0
Check: Rd cross-references
Result: NOTE
Packages unavailable to check Rd xrefs: ‘Biostrings’, ‘Starr’
Flavor: r-oldrel-osx-x86_64