CRAN Package Check Results for Package AhoCorasickTrie

Last updated on 2020-09-23 14:12:24 CEST.

Flavor Version Tinstall Tcheck Ttotal Status Flags
r-devel-linux-x86_64-debian-clang 0.1.0 22.45 34.67 57.12 NOTE
r-devel-linux-x86_64-debian-gcc 0.1.0 18.21 27.51 45.72 NOTE
r-devel-linux-x86_64-fedora-clang 0.1.0 86.15 NOTE
r-devel-linux-x86_64-fedora-gcc 0.1.0 89.36 NOTE
r-devel-windows-ix86+x86_64 0.1.0 54.00 67.00 121.00 OK
r-patched-linux-x86_64 0.1.0 17.90 33.04 50.94 NOTE
r-patched-solaris-x86 0.1.0 94.50 NOTE
r-release-linux-x86_64 0.1.0 17.48 33.35 50.83 NOTE
r-release-macos-x86_64 0.1.0 NOTE
r-release-windows-ix86+x86_64 0.1.0 44.00 82.00 126.00 OK
r-oldrel-macos-x86_64 0.1.0 NOTE
r-oldrel-windows-ix86+x86_64 0.1.0 39.00 93.00 132.00 OK

Check Details

Version: 0.1.0
Check: Rd cross-references
Result: NOTE
    Package unavailable to check Rd xrefs: 'Starr'
Flavors: r-devel-linux-x86_64-debian-clang, r-devel-linux-x86_64-debian-gcc, r-devel-linux-x86_64-fedora-gcc, r-patched-linux-x86_64, r-patched-solaris-x86, r-release-linux-x86_64, r-release-macos-x86_64

Version: 0.1.0
Check: Rd cross-references
Result: NOTE
    Undeclared package ‘Starr’ in Rd xrefs
    Package unavailable to check Rd xrefs: ‘Starr’
Flavor: r-devel-linux-x86_64-fedora-clang

Version: 0.1.0
Check: compiled code
Result: NOTE
    File ‘AhoCorasickTrie/libs/AhoCorasickTrie.so’:
     Found no calls to: ‘R_registerRoutines’, ‘R_useDynamicSymbols’
    
    It is good practice to register native routines and to disable symbol
    search.
    
    See ‘Writing portable packages’ in the ‘Writing R Extensions’ manual.
Flavors: r-devel-linux-x86_64-fedora-clang, r-devel-linux-x86_64-fedora-gcc

Version: 0.1.0
Check: package dependencies
Result: NOTE
    Package suggested but not available for checking: ‘Biostrings’
Flavor: r-oldrel-macos-x86_64

Version: 0.1.0
Check: Rd cross-references
Result: NOTE
    Packages unavailable to check Rd xrefs: ‘Biostrings’, ‘Starr’
Flavor: r-oldrel-macos-x86_64