Last updated on 2023-10-01 01:53:10 CEST.
Flavor | Version | Tinstall | Tcheck | Ttotal | Status | Flags |
---|---|---|---|---|---|---|
r-devel-linux-x86_64-debian-clang | 0.2.0 | 2.60 | 39.27 | 41.87 | OK | |
r-devel-linux-x86_64-debian-gcc | 0.2.0 | 2.52 | 30.04 | 32.56 | OK | |
r-devel-linux-x86_64-fedora-clang | 0.2.0 | 56.17 | NOTE | |||
r-devel-linux-x86_64-fedora-gcc | 0.2.0 | 63.36 | NOTE | |||
r-devel-windows-x86_64 | 0.2.0 | 5.00 | 56.00 | 61.00 | OK | |
r-patched-linux-x86_64 | 0.2.0 | 3.50 | 38.95 | 42.45 | OK | |
r-release-linux-x86_64 | 0.2.0 | 2.03 | 37.94 | 39.97 | OK | |
r-release-macos-arm64 | 0.2.0 | 28.00 | OK | |||
r-release-macos-x86_64 | 0.2.0 | 44.00 | OK | |||
r-release-windows-x86_64 | 0.2.0 | 5.00 | 57.00 | 62.00 | OK | |
r-oldrel-macos-arm64 | 0.2.0 | 25.00 | OK | |||
r-oldrel-macos-x86_64 | 0.2.0 | 31.00 | OK | |||
r-oldrel-windows-x86_64 | 0.2.0 | 6.00 | 57.00 | 63.00 | OK |
Version: 0.2.0
Check: dependencies in R code
Result: NOTE
Namespace in Imports field not imported from: ‘flextable’
All declared Imports should be used.
Flavors: r-devel-linux-x86_64-fedora-clang, r-devel-linux-x86_64-fedora-gcc