Last updated on 2023-12-11 05:51:43 CET.
Flavor | Version | Tinstall | Tcheck | Ttotal | Status | Flags |
---|---|---|---|---|---|---|
r-devel-linux-x86_64-debian-clang | 2.0.1 | 16.55 | 410.64 | 427.19 | NOTE | |
r-devel-linux-x86_64-debian-gcc | 2.0.1 | 12.94 | 306.41 | 319.35 | NOTE | |
r-devel-linux-x86_64-fedora-clang | 2.0.1 | 528.10 | NOTE | |||
r-devel-linux-x86_64-fedora-gcc | 2.0.1 | 553.57 | NOTE | |||
r-devel-windows-x86_64 | 2.0.1 | 14.00 | 318.00 | 332.00 | OK | |
r-patched-linux-x86_64 | 2.0.1 | 14.93 | 392.87 | 407.80 | NOTE | |
r-release-linux-x86_64 | 2.0.1 | 10.11 | 401.01 | 411.12 | NOTE | |
r-release-macos-arm64 | 2.0.1 | 149.00 | OK | |||
r-release-macos-x86_64 | 2.0.1 | 256.00 | OK | |||
r-release-windows-x86_64 | 2.0.1 | 18.00 | 411.00 | 429.00 | OK | |
r-oldrel-macos-arm64 | 2.0.1 | 113.00 | OK | |||
r-oldrel-macos-x86_64 | 2.0.1 | 189.00 | OK | |||
r-oldrel-windows-x86_64 | 2.0.1 | 20.00 | 322.00 | 342.00 | OK |
Version: 2.0.1
Check: for non-standard things in the check directory
Result: NOTE
Found the following files/directories:
‘table_AeRobiology’
Flavors: r-devel-linux-x86_64-debian-clang, r-devel-linux-x86_64-debian-gcc, r-devel-linux-x86_64-fedora-clang, r-devel-linux-x86_64-fedora-gcc, r-patched-linux-x86_64, r-release-linux-x86_64