CRAN Package Check Results for Package AeRobiology

Last updated on 2022-06-27 08:49:53 CEST.

Flavor Version Tinstall Tcheck Ttotal Status Flags
r-devel-linux-x86_64-debian-clang 2.0.1 18.38 356.48 374.86 NOTE
r-devel-linux-x86_64-debian-gcc 2.0.1 12.66 247.40 260.06 NOTE
r-devel-linux-x86_64-fedora-clang 2.0.1 418.62 NOTE
r-devel-linux-x86_64-fedora-gcc 2.0.1 419.37 NOTE
r-devel-windows-x86_64 2.0.1 44.00 360.00 404.00 OK
r-patched-linux-x86_64 2.0.1 15.18 322.16 337.34 NOTE
r-release-linux-x86_64 2.0.1 15.15 320.14 335.29 NOTE
r-release-macos-arm64 2.0.1 113.00 OK
r-release-macos-x86_64 2.0.1 189.00 OK
r-release-windows-x86_64 2.0.1 39.00 361.00 400.00 OK
r-oldrel-macos-arm64 2.0.1 208.00 OK
r-oldrel-macos-x86_64 2.0.1 180.00 OK
r-oldrel-windows-ix86+x86_64 2.0.1 32.00 406.00 438.00 OK

Check Details

Version: 2.0.1
Check: for non-standard things in the check directory
Result: NOTE
    Found the following files/directories:
     'table_AeRobiology'
Flavors: r-devel-linux-x86_64-debian-clang, r-devel-linux-x86_64-debian-gcc, r-devel-linux-x86_64-fedora-clang, r-devel-linux-x86_64-fedora-gcc, r-patched-linux-x86_64, r-release-linux-x86_64