Last updated on 2023-12-10 10:52:23 CET.
Flavor | Version | Tinstall | Tcheck | Ttotal | Status | Flags |
---|---|---|---|---|---|---|
r-devel-linux-x86_64-debian-clang | 0.7.18 | 2.52 | 28.55 | 31.07 | NOTE | |
r-devel-linux-x86_64-debian-gcc | 0.7.18 | 1.80 | 21.66 | 23.46 | NOTE | |
r-devel-linux-x86_64-fedora-clang | 0.7.18 | 37.86 | NOTE | |||
r-devel-linux-x86_64-fedora-gcc | 0.7.18 | 36.90 | NOTE | |||
r-devel-windows-x86_64 | 0.7.18 | 4.00 | 41.00 | 45.00 | NOTE | |
r-patched-linux-x86_64 | 0.7.18 | 2.68 | 28.67 | 31.35 | NOTE | |
r-release-linux-x86_64 | 0.7.18 | 1.93 | 28.09 | 30.02 | NOTE | |
r-release-macos-arm64 | 0.7.18 | 16.00 | NOTE | |||
r-release-macos-x86_64 | 0.7.18 | 22.00 | NOTE | |||
r-release-windows-x86_64 | 0.7.18 | 4.00 | 41.00 | 45.00 | NOTE | |
r-oldrel-macos-arm64 | 0.7.18 | 16.00 | NOTE | |||
r-oldrel-macos-x86_64 | 0.7.18 | 22.00 | NOTE | |||
r-oldrel-windows-x86_64 | 0.7.18 | 5.00 | 48.00 | 53.00 | NOTE |
Version: 0.7.18
Check: LazyData
Result: NOTE
'LazyData' is specified without a 'data' directory
Flavors: r-devel-linux-x86_64-debian-clang, r-devel-linux-x86_64-debian-gcc, r-devel-linux-x86_64-fedora-clang, r-devel-linux-x86_64-fedora-gcc, r-devel-windows-x86_64, r-patched-linux-x86_64, r-release-linux-x86_64, r-release-macos-arm64, r-release-macos-x86_64, r-release-windows-x86_64, r-oldrel-macos-arm64, r-oldrel-macos-x86_64, r-oldrel-windows-x86_64