CRAN Package Check Results for Package AdvDif4

Last updated on 2024-07-18 00:54:48 CEST.

Flavor Version Tinstall Tcheck Ttotal Status Flags
r-devel-linux-x86_64-debian-clang 0.7.18 2.76 30.62 33.38 NOTE
r-devel-linux-x86_64-debian-gcc 0.7.18 1.86 21.54 23.40 NOTE
r-devel-linux-x86_64-fedora-clang 0.7.18 40.14 NOTE
r-devel-linux-x86_64-fedora-gcc 0.7.18 36.98 NOTE
r-devel-windows-x86_64 0.7.18 4.00 41.00 45.00 NOTE
r-patched-linux-x86_64 0.7.18 2.41 27.49 29.90 NOTE
r-release-linux-x86_64 0.7.18 2.56 27.96 30.52 NOTE
r-release-macos-arm64 0.7.18 15.00 NOTE
r-release-macos-x86_64 0.7.18 22.00 NOTE
r-release-windows-x86_64 0.7.18 3.00 39.00 42.00 NOTE
r-oldrel-macos-arm64 0.7.18 16.00 NOTE
r-oldrel-macos-x86_64 0.7.18 22.00 NOTE
r-oldrel-windows-x86_64 0.7.18 4.00 41.00 45.00 NOTE

Check Details

Version: 0.7.18
Check: LazyData
Result: NOTE 'LazyData' is specified without a 'data' directory Flavors: r-devel-linux-x86_64-debian-clang, r-devel-linux-x86_64-debian-gcc, r-devel-linux-x86_64-fedora-clang, r-devel-linux-x86_64-fedora-gcc, r-devel-windows-x86_64, r-patched-linux-x86_64, r-release-linux-x86_64, r-release-macos-arm64, r-release-macos-x86_64, r-release-windows-x86_64, r-oldrel-macos-arm64, r-oldrel-macos-x86_64, r-oldrel-windows-x86_64