Last updated on 2023-01-30 19:54:37 CET.
Flavor | Version | Tinstall | Tcheck | Ttotal | Status | Flags |
---|---|---|---|---|---|---|
r-devel-linux-x86_64-debian-clang | 0.8.1 | 19.77 | 134.37 | 154.14 | OK | |
r-devel-linux-x86_64-debian-gcc | 0.8.1 | 16.83 | 96.19 | 113.02 | OK | |
r-devel-linux-x86_64-fedora-clang | 0.8.1 | 191.95 | NOTE | |||
r-devel-linux-x86_64-fedora-gcc | 0.8.1 | 186.85 | OK | |||
r-devel-windows-x86_64 | 0.8.1 | 85.00 | 168.00 | 253.00 | NOTE | |
r-patched-linux-x86_64 | 0.8.1 | 22.02 | 115.58 | 137.60 | OK | |
r-release-linux-x86_64 | 0.8.1 | 17.22 | 114.13 | 131.35 | OK | |
r-release-macos-arm64 | 0.8.1 | 45.00 | NOTE | |||
r-release-macos-x86_64 | 0.8.1 | 63.00 | NOTE | |||
r-release-windows-x86_64 | 0.8.1 | 62.00 | 148.00 | 210.00 | NOTE | |
r-oldrel-macos-arm64 | 0.8.1 | 44.00 | NOTE | |||
r-oldrel-macos-x86_64 | 0.8.1 | 65.00 | NOTE | |||
r-oldrel-windows-ix86+x86_64 | 0.8.1 | 34.00 | 141.00 | 175.00 | NOTE |
Version: 0.8.1
Check: installed package size
Result: NOTE
installed size is 6.2Mb
sub-directories of 1Mb or more:
doc 3.7Mb
Flavors: r-devel-linux-x86_64-fedora-clang, r-devel-windows-x86_64, r-release-macos-arm64, r-release-macos-x86_64, r-release-windows-x86_64, r-oldrel-macos-arm64, r-oldrel-macos-x86_64, r-oldrel-windows-ix86+x86_64