Last updated on 2023-12-11 06:48:14 CET.
Flavor | Version | Tinstall | Tcheck | Ttotal | Status | Flags |
---|---|---|---|---|---|---|
r-devel-linux-x86_64-debian-clang | 1.6 | 32.74 | 68.11 | 100.85 | NOTE | |
r-devel-linux-x86_64-debian-gcc | 1.6 | 18.89 | 52.55 | 71.44 | NOTE | |
r-devel-linux-x86_64-fedora-clang | 1.6 | 124.77 | NOTE | |||
r-devel-linux-x86_64-fedora-gcc | 1.6 | 123.40 | NOTE | |||
r-devel-windows-x86_64 | 1.6 | 25.00 | 87.00 | 112.00 | NOTE | |
r-patched-linux-x86_64 | 1.6 | 23.92 | 67.92 | 91.84 | OK | |
r-release-linux-x86_64 | 1.6 | 23.09 | 67.15 | 90.24 | OK | |
r-release-macos-arm64 | 1.6 | 39.00 | OK | |||
r-release-macos-x86_64 | 1.6 | 67.00 | OK | |||
r-release-windows-x86_64 | 1.6 | 32.00 | 105.00 | 137.00 | OK | |
r-oldrel-macos-arm64 | 1.6 | 41.00 | OK | |||
r-oldrel-macos-x86_64 | 1.6 | 51.00 | OK | |||
r-oldrel-windows-x86_64 | 1.6 | 30.00 | 117.00 | 147.00 | OK |
Version: 1.6
Check: Rd files
Result: NOTE
checkRd: (-1) aslm-methods.Rd:11: Lost braces in \itemize; meant \describe ?
checkRd: (-1) aslm-methods.Rd:12: Lost braces in \itemize; meant \describe ?
checkRd: (-1) aslm-methods.Rd:13: Lost braces in \itemize; meant \describe ?
Flavors: r-devel-linux-x86_64-debian-clang, r-devel-linux-x86_64-debian-gcc
Version: 1.6
Check: Rd metadata
Result: NOTE
Invalid package aliases in Rd file 'aslm-package.Rd':
‘aslm-package’ ‘asggm-package’
Flavors: r-devel-linux-x86_64-debian-clang, r-devel-linux-x86_64-debian-gcc, r-devel-linux-x86_64-fedora-clang, r-devel-linux-x86_64-fedora-gcc, r-devel-windows-x86_64
Version: 1.6
Check: Rd contents
Result: NOTE
Argument items with no description in Rd file 'asggm-internal.Rd':
‘ansL’ ‘kNodes’ ‘spP’
Flavors: r-devel-linux-x86_64-debian-clang, r-devel-linux-x86_64-debian-gcc, r-devel-linux-x86_64-fedora-clang, r-devel-linux-x86_64-fedora-gcc, r-devel-windows-x86_64