Last updated on 2023-09-27 02:00:35 CEST.
Flavor | Version | Tinstall | Tcheck | Ttotal | Status | Flags |
---|---|---|---|---|---|---|
r-devel-linux-x86_64-debian-clang | 1.5.6 | 25.33 | 55.15 | 80.48 | NOTE | |
r-devel-linux-x86_64-debian-gcc | 1.5.6 | 15.01 | 42.39 | 57.40 | NOTE | |
r-devel-linux-x86_64-fedora-clang | 1.5.6 | 110.67 | NOTE | |||
r-devel-linux-x86_64-fedora-gcc | 1.5.6 | 112.40 | NOTE | |||
r-devel-windows-x86_64 | 1.5.6 | 23.00 | 83.00 | 106.00 | NOTE | |
r-patched-linux-x86_64 | 1.5.6 | 15.16 | 52.70 | 67.86 | OK | |
r-release-linux-x86_64 | 1.5.6 | 15.68 | 53.83 | 69.51 | OK | |
r-release-macos-arm64 | 1.5.6 | 40.00 | OK | |||
r-release-macos-x86_64 | 1.5.6 | 55.00 | OK | |||
r-release-windows-x86_64 | 1.5.6 | 26.00 | 95.00 | 121.00 | OK | |
r-oldrel-macos-arm64 | 1.5.6 | 30.00 | OK | |||
r-oldrel-macos-x86_64 | 1.5.6 | 64.00 | OK | |||
r-oldrel-windows-x86_64 | 1.5.6 | 26.00 | 98.00 | 124.00 | OK |
Version: 1.5.6
Check: Rd metadata
Result: NOTE
Invalid package aliases in Rd file 'AdaptGauss-package.Rd':
‘MultiModal-package’
Flavors: r-devel-linux-x86_64-debian-clang, r-devel-linux-x86_64-debian-gcc, r-devel-linux-x86_64-fedora-clang, r-devel-linux-x86_64-fedora-gcc, r-devel-windows-x86_64