CRAN Package Check Results for Package ATAforecasting

Last updated on 2021-05-16 12:49:25 CEST.

Flavor Version Tinstall Tcheck Ttotal Status Flags
r-devel-linux-x86_64-debian-clang 0.0.52 51.54 188.79 240.33 OK
r-devel-linux-x86_64-debian-gcc 0.0.52 40.36 136.08 176.44 OK
r-devel-linux-x86_64-fedora-clang 0.0.52 293.68 OK
r-devel-linux-x86_64-fedora-gcc 0.0.52 299.74 OK
r-devel-windows-ix86+x86_64 0.0.52 130.00 235.00 365.00 OK
r-devel-windows-x86_64-gcc10-UCRT 0.0.52 OK
r-patched-linux-x86_64 0.0.52 54.67 172.92 227.59 OK
r-patched-solaris-x86 0.0.52 4.80 ERROR
r-release-linux-x86_64 0.0.52 48.24 168.25 216.49 OK
r-release-macos-x86_64 0.0.52 OK
r-release-windows-ix86+x86_64 0.0.52 101.00 301.00 402.00 OK
r-oldrel-macos-x86_64 0.0.52 ERROR

Additional issues

M1mac

Check Details

Version: 0.0.52
Check: package dependencies
Result: ERROR
    Package required but not available: ‘seasonal’
    
    See section ‘The DESCRIPTION file’ in the ‘Writing R Extensions’
    manual.
Flavor: r-patched-solaris-x86

Version: 0.0.52
Check: whether package can be installed
Result: ERROR
    Installation failed.
Flavor: r-oldrel-macos-x86_64