CRAN Package Check Results for Package ARTP

Last updated on 2019-08-19 20:46:09 CEST.

Flavor Version Tinstall Tcheck Ttotal Status Flags
r-devel-linux-x86_64-debian-clang 2.0.5 14.85 71.69 86.54 WARN
r-devel-linux-x86_64-debian-gcc 2.0.5 10.50 54.85 65.35 WARN
r-devel-linux-x86_64-fedora-clang 2.0.5 102.68 OK
r-devel-linux-x86_64-fedora-gcc 2.0.5 101.29 WARN
r-devel-windows-ix86+x86_64 2.0.5 27.00 112.00 139.00 OK
r-patched-linux-x86_64 2.0.5 12.58 71.55 84.13 OK
r-patched-solaris-x86 2.0.5 136.90 OK
r-release-linux-x86_64 2.0.5 11.20 71.34 82.54 OK
r-release-windows-ix86+x86_64 2.0.5 22.00 119.00 141.00 OK
r-release-osx-x86_64 2.0.5 OK
r-oldrel-windows-ix86+x86_64 2.0.5 17.00 76.00 93.00 OK
r-oldrel-osx-x86_64 2.0.5 OK

Check Details

Version: 2.0.5
Check: whether package can be installed
Result: WARN
    Found the following significant warnings:
     code.c:1086:3: warning: ignoring return value of function declared with 'warn_unused_result' attribute [-Wunused-result]
     code.c:1162:5: warning: ignoring return value of function declared with 'warn_unused_result' attribute [-Wunused-result]
     code.c:1148:3: warning: ignoring return value of function declared with 'warn_unused_result' attribute [-Wunused-result]
Flavor: r-devel-linux-x86_64-debian-clang

Version: 2.0.5
Check: whether package can be installed
Result: WARN
    Found the following significant warnings:
     code.c:1148:3: warning: ignoring return value of ‘fgets’, declared with attribute warn_unused_result [-Wunused-result]
     code.c:1162:5: warning: ignoring return value of ‘fgets’, declared with attribute warn_unused_result [-Wunused-result]
     code.c:1086:3: warning: ignoring return value of ‘fgets’, declared with attribute warn_unused_result [-Wunused-result]
Flavors: r-devel-linux-x86_64-debian-gcc, r-devel-linux-x86_64-fedora-gcc