CRAN Package Check Results for Package ARDECO

Last updated on 2024-04-16 14:49:18 CEST.

Flavor Version Tinstall Tcheck Ttotal Status Flags
r-devel-linux-x86_64-debian-clang 1.0.0 4.03 60.01 64.04 OK
r-devel-linux-x86_64-debian-gcc 1.0.0 4.00 44.12 48.12 OK
r-devel-linux-x86_64-fedora-clang 1.0.0 83.21 OK
r-devel-linux-x86_64-fedora-gcc 1.0.0 83.61 OK
r-prerel-macos-arm64 1.0.0 74.00 OK
r-prerel-macos-x86_64 1.0.0 122.00 OK
r-prerel-windows-x86_64 1.0.0 6.00 65.00 71.00 OK
r-patched-linux-x86_64 1.0.0 5.81 56.19 62.00 OK
r-release-linux-x86_64 1.0.0 5.53 56.22 61.75 OK
r-release-macos-arm64 1.0.0 67.00 OK
r-release-macos-x86_64 1.0.0 141.00 OK
r-release-windows-x86_64 1.0.0 7.00 61.00 68.00 ERROR
r-oldrel-macos-arm64 1.0.0 130.00 OK
r-oldrel-windows-x86_64 1.0.0 8.00 89.00 97.00 OK

Check Details

Version: 1.0.0
Check: examples
Result: ERROR Running examples in 'ARDECO-Ex.R' failed The error most likely occurred in: > ### Name: ARDECO packages > ### Title: ARDECO packages > ### Aliases: 'ARDECO packages' > > ### ** Examples > > ardeco_get_variable_list() # A tibble: 43 × 2 code description <chr> <chr> 1 RNLHT Hours Worked (employed persons) 2 PVGE Price index (GVA deflator), 2015=100, euro 3 RNLHWH Hours worked (ratio of employees hw to employed persons hw) 4 SUVGD GDP at current market prices 5 SUVGE GVA at basic prices 6 SUVGDP GDP per capita<br>at current prices 7 SOVGZ GVA at constant prices by industry<br><i>(10 NACE sectors)</i> 8 PVGZ Sectoral price indices (implicit deflators)<br><i>national, 2015=100,… 9 SNETD Total Employment <br><i>(workplace based, employed persons)</i> 10 SNETZ Employment by industry<br><i>(10 NACE sectors)</i> # ℹ 33 more rows > ardeco_get_dataset_list('SNPTN') Error in `rename()`: ℹ In argument: `all_of(lookup)`. Caused by error in `all_of()`: ! Can't subset elements that don't exist. ✖ Elements `variableCode`, `unit`, `sector`, and `nutsVersion` don't exist. Backtrace: ▆ 1. ├─ARDECO::ardeco_get_dataset_list("SNPTN") 2. │ ├─dplyr::rename(dataset_list, all_of(lookup)) 3. │ └─dplyr:::rename.data.frame(dataset_list, all_of(lookup)) 4. │ └─tidyselect::eval_rename(expr(c(...)), .data) 5. │ └─tidyselect:::rename_impl(...) 6. │ └─tidyselect:::eval_select_impl(...) 7. │ ├─tidyselect:::with_subscript_errors(...) 8. │ │ └─base::withCallingHandlers(...) 9. │ └─tidyselect:::vars_select_eval(...) 10. │ └─tidyselect:::walk_data_tree(expr, data_mask, context_mask) 11. │ └─tidyselect:::eval_c(expr, data_mask, context_mask) 12. │ └─tidyselect:::reduce_sels(node, data_mask, context_mask, init = init) 13. │ └─tidyselect:::walk_data_tree(new, data_mask, context_mask) 14. │ └─tidyselect:::eval_context(expr, context_mask, call = error_call) 15. │ ├─tidyselect:::with_chained_errors(...) 16. │ │ └─base::withCallingHandlers(...) 17. │ └─rlang::eval_tidy(as_quosure(expr, env), context_mask) 18. ├─tidyselect::all_of(lookup) 19. │ └─tidyselect:::as_indices_impl(x, vars = vars, strict = TRUE) 20. │ └─tidyselect:::chr_as_locations(x, vars, call = call, arg = arg) 21. │ └─vctrs::vec_as_location(...) 22. └─vctrs (local) `<fn>`() 23. └─vctrs:::stop_subscript_oob(...) 24. └─vctrs:::stop_subscript(...) 25. └─rlang::abort(...) Execution halted Flavor: r-release-windows-x86_64