CRAN Package Check Results for Package APtools

Last updated on 2019-08-24 06:47:14 CEST.

Flavor Version Tinstall Tcheck Ttotal Status Flags
r-devel-linux-x86_64-debian-clang 6.8.8 8.67 65.49 74.16 NOTE
r-devel-linux-x86_64-debian-gcc 6.8.8 8.28 52.00 60.28 NOTE
r-devel-linux-x86_64-fedora-clang 6.8.8 89.89 NOTE
r-devel-linux-x86_64-fedora-gcc 6.8.8 89.30 NOTE
r-devel-windows-ix86+x86_64 6.8.8 15.00 70.00 85.00 OK
r-patched-linux-x86_64 6.8.8 6.89 64.40 71.29 OK
r-patched-solaris-x86 6.8.8 139.70 OK
r-release-linux-x86_64 6.8.8 8.30 64.57 72.87 OK
r-release-windows-ix86+x86_64 6.8.8 18.00 102.00 120.00 OK
r-release-osx-x86_64 6.8.8 OK
r-oldrel-windows-ix86+x86_64 6.8.8 11.00 94.00 105.00 OK
r-oldrel-osx-x86_64 6.8.8 OK

Check Details

Version: 6.8.8
Check: for non-standard things in the check directory
Result: NOTE
    Found the following files/directories:
     'APBinary_PPV.csv' 'APBinary_TPF.csv'
     'APBinary_ap_summary(method=perturbation,B=1500).csv'
     'APBinary_auc_summary(method=perturbation,B=1500).csv'
     'APSurv_PPV.csv' 'APSurv_TPF.csv'
     'APSurv_ap_summary(method=bootstrap,B=500).csv'
     'APSurv_auc_summary(method=bootstrap,B=500).csv'
     'CompareAP_Binary_dap_summary(method=none).csv'
     'CompareAP_Survival_dap_summary(method=bootstrap,B=500).csv'
Flavors: r-devel-linux-x86_64-debian-clang, r-devel-linux-x86_64-debian-gcc, r-devel-linux-x86_64-fedora-clang, r-devel-linux-x86_64-fedora-gcc