CRAN Package Check Results for Package APSIMBatch

Last updated on 2019-03-26 04:48:32 CET.

Flavor Version Tinstall Tcheck Ttotal Status Flags
r-devel-linux-x86_64-debian-clang 0.1.0.2374 1.78 17.16 18.94 NOTE
r-devel-linux-x86_64-debian-gcc 0.1.0.2374 1.35 14.28 15.63 NOTE
r-devel-linux-x86_64-fedora-clang 0.1.0.2374 25.21 NOTE
r-devel-linux-x86_64-fedora-gcc 0.1.0.2374 22.49 NOTE
r-devel-windows-ix86+x86_64 0.1.0.2374 8.00 37.00 45.00 NOTE
r-patched-linux-x86_64 0.1.0.2374 1.10 16.16 17.26 NOTE
r-patched-solaris-x86 0.1.0.2374 32.00 NOTE
r-release-linux-x86_64 0.1.0.2374 1.03 16.12 17.15 NOTE
r-release-windows-ix86+x86_64 0.1.0.2374 2.00 25.00 27.00 NOTE
r-release-osx-x86_64 0.1.0.2374 NOTE
r-oldrel-windows-ix86+x86_64 0.1.0.2374 3.00 23.00 26.00 NOTE
r-oldrel-osx-x86_64 0.1.0.2374 NOTE

Check Details

Version: 0.1.0.2374
Check: DESCRIPTION meta-information
Result: NOTE
    Malformed Description field: should contain one or more complete sentences.
Flavors: r-devel-linux-x86_64-debian-clang, r-devel-linux-x86_64-debian-gcc, r-devel-linux-x86_64-fedora-clang, r-devel-linux-x86_64-fedora-gcc, r-devel-windows-ix86+x86_64, r-patched-linux-x86_64, r-patched-solaris-x86, r-release-linux-x86_64, r-release-windows-ix86+x86_64, r-release-osx-x86_64, r-oldrel-windows-ix86+x86_64, r-oldrel-osx-x86_64

Version: 0.1.0.2374
Check: R code for possible problems
Result: NOTE
    runAPSIM: warning in scan(reports_file[i], "", sep = "", skip =
     length(temp), nline = 1): partial argument match of 'nline' to
     'nlines'
    runAPSIM: no visible global function definition for 'write.table'
    runAPSIM: no visible global function definition for 'read.table'
    Undefined global functions or variables:
     read.table write.table
    Consider adding
     importFrom("utils", "read.table", "write.table")
    to your NAMESPACE file.
Flavors: r-devel-linux-x86_64-debian-clang, r-devel-linux-x86_64-debian-gcc, r-devel-linux-x86_64-fedora-clang, r-devel-linux-x86_64-fedora-gcc, r-devel-windows-ix86+x86_64, r-patched-linux-x86_64, r-patched-solaris-x86, r-release-linux-x86_64, r-release-windows-ix86+x86_64, r-release-osx-x86_64, r-oldrel-windows-ix86+x86_64, r-oldrel-osx-x86_64