CRAN Package Check Results for Package APML0

Last updated on 2019-02-19 19:47:18 CET.

Flavor Version Tinstall Tcheck Ttotal Status Flags
r-devel-linux-x86_64-debian-clang 0.9 52.11 60.30 112.41 NOTE
r-devel-linux-x86_64-debian-gcc 0.9 39.02 48.35 87.37 NOTE
r-devel-linux-x86_64-fedora-clang 0.9 166.14 NOTE
r-devel-linux-x86_64-fedora-gcc 0.9 129.26 NOTE
r-devel-windows-ix86+x86_64 0.9 82.00 106.00 188.00 NOTE
r-patched-linux-x86_64 0.9 41.95 58.05 100.00 OK
r-patched-solaris-x86 0.9 153.40 OK
r-release-linux-x86_64 0.9 42.68 57.80 100.48 OK
r-release-windows-ix86+x86_64 0.9 58.00 131.00 189.00 OK
r-release-osx-x86_64 0.9 NOTE
r-oldrel-windows-ix86+x86_64 0.9 83.00 128.00 211.00 OK
r-oldrel-osx-x86_64 0.9 NOTE

Check Details

Version: 0.9
Check: line endings in C/C++/Fortran sources/headers
Result: NOTE
    Found the following sources/headers with CR or CRLF line endings:
     inst/include/APML0.h
     inst/include/APML0_RcppExports.h
    Some Unix compilers require LF line endings.
Flavors: r-devel-linux-x86_64-debian-clang, r-devel-linux-x86_64-debian-gcc, r-devel-linux-x86_64-fedora-clang, r-devel-linux-x86_64-fedora-gcc, r-devel-windows-ix86+x86_64

Version: 0.9
Check: installed package size
Result: NOTE
     installed size is 9.4Mb
     sub-directories of 1Mb or more:
     libs 9.2Mb
Flavors: r-devel-linux-x86_64-fedora-clang, r-release-osx-x86_64, r-oldrel-osx-x86_64