CRAN Package Check Results for Package APML0

Last updated on 2019-04-24 15:57:10 CEST.

Flavor Version Tinstall Tcheck Ttotal Status Flags
r-devel-linux-x86_64-debian-clang 0.9 55.98 59.77 115.75 NOTE
r-devel-linux-x86_64-debian-gcc 0.9 39.23 48.26 87.49 NOTE
r-devel-linux-x86_64-fedora-clang 0.9 168.77 NOTE
r-devel-linux-x86_64-fedora-gcc 0.9 137.81 NOTE
r-devel-windows-ix86+x86_64 0.9 85.00 137.00 222.00 NOTE
r-patched-linux-x86_64 0.9 50.37 60.26 110.63 NOTE
r-patched-solaris-x86 0.9 164.70 NOTE
r-release-linux-x86_64 0.9 46.75 57.80 104.55 OK
r-release-windows-ix86+x86_64 0.9 59.00 130.00 189.00 OK
r-release-osx-x86_64 0.9 NOTE
r-oldrel-windows-ix86+x86_64 0.9 61.00 131.00 192.00 OK
r-oldrel-osx-x86_64 0.9 NOTE

Check Details

Version: 0.9
Check: line endings in C/C++/Fortran sources/headers
Result: NOTE
    Found the following sources/headers with CR or CRLF line endings:
     inst/include/APML0.h
     inst/include/APML0_RcppExports.h
    Some Unix compilers require LF line endings.
Flavors: r-devel-linux-x86_64-debian-clang, r-devel-linux-x86_64-debian-gcc, r-devel-linux-x86_64-fedora-clang, r-devel-linux-x86_64-fedora-gcc, r-devel-windows-ix86+x86_64, r-patched-linux-x86_64, r-patched-solaris-x86

Version: 0.9
Check: installed package size
Result: NOTE
     installed size is 9.4Mb
     sub-directories of 1Mb or more:
     libs 9.2Mb
Flavors: r-devel-linux-x86_64-fedora-clang, r-release-osx-x86_64, r-oldrel-osx-x86_64