CRAN Package Check Results for Package ANOVAreplication

Last updated on 2019-04-24 15:57:10 CEST.

Flavor Version Tinstall Tcheck Ttotal Status Flags
r-devel-linux-x86_64-debian-clang 1.1.3 2.95 35.76 38.71 OK
r-devel-linux-x86_64-debian-gcc 1.1.3 2.10 28.33 30.43 OK
r-devel-linux-x86_64-fedora-clang 1.1.3 48.47 OK
r-devel-linux-x86_64-fedora-gcc 1.1.3 46.11 OK
r-devel-windows-ix86+x86_64 1.1.3 9.00 66.00 75.00 OK
r-patched-linux-x86_64 1.1.3 2.66 35.22 37.88 OK
r-patched-solaris-x86 1.1.3 67.40 OK
r-release-linux-x86_64 1.1.3 2.17 34.15 36.32 OK
r-release-windows-ix86+x86_64 1.1.3 4.00 47.00 51.00 OK
r-release-osx-x86_64 1.1.3 OK
r-oldrel-windows-ix86+x86_64 1.1.3 2.00 12.00 14.00 ERROR
r-oldrel-osx-x86_64 1.1.3 OK

Check Details

Version: 1.1.3
Check: whether package can be installed
Result: ERROR
    Installation failed.
Flavor: r-oldrel-windows-ix86+x86_64