CRAN Package Check Results for Package AMR

Last updated on 2019-06-16 13:19:03 CEST.

Flavor Version Tinstall Tcheck Ttotal Status Flags
r-devel-linux-x86_64-debian-clang 0.7.0 23.65 601.76 625.41 OK
r-devel-linux-x86_64-debian-gcc 0.7.0 18.51 431.41 449.92 OK
r-devel-linux-x86_64-fedora-clang 0.7.0 610.21 NOTE
r-devel-linux-x86_64-fedora-gcc 0.7.0 517.39 NOTE
r-devel-windows-ix86+x86_64 0.7.0 47.00 553.00 600.00 NOTE
r-patched-linux-x86_64 0.7.0 21.91 492.56 514.47 OK
r-patched-solaris-x86 0.7.0 741.20 NOTE
r-release-linux-x86_64 0.7.0 18.25 489.16 507.41 OK
r-release-windows-ix86+x86_64 0.7.0 36.00 476.00 512.00 NOTE
r-release-osx-x86_64 0.7.0 NOTE
r-oldrel-windows-ix86+x86_64 0.7.0 36.00 423.00 459.00 NOTE
r-oldrel-osx-x86_64 0.7.0 NOTE

Check Details

Version: 0.7.0
Check: installed package size
Result: NOTE
     installed size is 5.2Mb
     sub-directories of 1Mb or more:
     data 3.2Mb
Flavors: r-devel-linux-x86_64-fedora-clang, r-devel-windows-ix86+x86_64, r-patched-solaris-x86, r-release-windows-ix86+x86_64, r-release-osx-x86_64, r-oldrel-windows-ix86+x86_64, r-oldrel-osx-x86_64

Version: 0.7.0
Check: dependencies in R code
Result: NOTE
    Namespace in Imports field not imported from: ‘scales’
     All declared Imports should be used.
Flavors: r-devel-linux-x86_64-fedora-clang, r-devel-linux-x86_64-fedora-gcc, r-patched-solaris-x86, r-release-osx-x86_64, r-oldrel-osx-x86_64