Last updated on 2023-10-01 03:54:32 CEST.
Flavor | Version | Tinstall | Tcheck | Ttotal | Status | Flags |
---|---|---|---|---|---|---|
r-devel-linux-x86_64-debian-clang | 0.1.4 | 10.40 | 59.08 | 69.48 | OK | |
r-devel-linux-x86_64-debian-gcc | 0.1.4 | 7.36 | 45.53 | 52.89 | OK | |
r-devel-linux-x86_64-fedora-clang | 0.1.4 | 97.56 | OK | |||
r-devel-linux-x86_64-fedora-gcc | 0.1.4 | 116.07 | OK | |||
r-devel-windows-x86_64 | 0.1.4 | 10.00 | 68.00 | 78.00 | OK | |
r-patched-linux-x86_64 | 0.1.4 | 8.87 | 56.82 | 65.69 | OK | |
r-release-linux-x86_64 | 0.1.4 | 8.86 | 58.18 | 67.04 | OK | |
r-release-macos-arm64 | 0.1.4 | 37.00 | OK | |||
r-release-macos-x86_64 | 0.1.4 | 49.00 | NOTE | |||
r-release-windows-x86_64 | 0.1.4 | 11.00 | 76.00 | 87.00 | OK | |
r-oldrel-macos-arm64 | 0.1.4 | 88.00 | OK | |||
r-oldrel-macos-x86_64 | 0.1.4 | 157.00 | OK | |||
r-oldrel-windows-x86_64 | 0.1.4 | 13.00 | 78.00 | 91.00 | OK |
Version: 0.1.4
Check: package dependencies
Result: NOTE
Package suggested but not available for checking: ‘AICcmodavg’
Flavor: r-release-macos-x86_64