Last updated on 2022-08-14 13:50:55 CEST.
Flavor | Version | Tinstall | Tcheck | Ttotal | Status | Flags |
---|---|---|---|---|---|---|
r-devel-linux-x86_64-debian-clang | 1.0.0 | 2.24 | 26.23 | 28.47 | NOTE | |
r-devel-linux-x86_64-debian-gcc | 1.0.0 | 1.66 | 20.61 | 22.27 | NOTE | |
r-devel-linux-x86_64-fedora-clang | 1.0.0 | 45.59 | NOTE | |||
r-devel-linux-x86_64-fedora-gcc | 1.0.0 | 44.14 | NOTE | |||
r-devel-windows-x86_64 | 1.0.0 | 15.00 | 58.00 | 73.00 | NOTE | |
r-patched-linux-x86_64 | 1.0.0 | 2.12 | 25.33 | 27.45 | NOTE | |
r-release-linux-x86_64 | 1.0.0 | 1.89 | 25.74 | 27.63 | NOTE | |
r-release-macos-arm64 | 1.0.0 | 17.00 | NOTE | |||
r-release-macos-x86_64 | 1.0.0 | 25.00 | NOTE | |||
r-release-windows-x86_64 | 1.0.0 | 18.00 | 60.00 | 78.00 | NOTE | |
r-oldrel-macos-arm64 | 1.0.0 | 24.00 | NOTE | |||
r-oldrel-macos-x86_64 | 1.0.0 | 28.00 | NOTE | |||
r-oldrel-windows-ix86+x86_64 | 1.0.0 | 7.00 | 46.00 | 53.00 | NOTE |
Version: 1.0.0
Check: LazyData
Result: NOTE
'LazyData' is specified without a 'data' directory
Flavors: r-devel-linux-x86_64-debian-clang, r-devel-linux-x86_64-debian-gcc, r-devel-linux-x86_64-fedora-clang, r-devel-linux-x86_64-fedora-gcc, r-devel-windows-x86_64, r-patched-linux-x86_64, r-release-linux-x86_64, r-release-macos-arm64, r-release-macos-x86_64, r-release-windows-x86_64, r-oldrel-macos-arm64, r-oldrel-macos-x86_64, r-oldrel-windows-ix86+x86_64